{"id":3316,"date":"2024-09-11T14:59:25","date_gmt":"2024-09-11T12:59:25","guid":{"rendered":"https:\/\/mmminterior.hu\/?post_type=product&#038;p=3316"},"modified":"2026-03-18T19:58:06","modified_gmt":"2026-03-18T17:58:06","slug":"bmw-e46-m3","status":"publish","type":"product","link":"https:\/\/mmminterior.hu\/en\/referenciak\/bmw-e46-m3\/","title":{"rendered":"BMW E46 M3 Coupe"},"content":{"rendered":"","protected":false},"excerpt":{"rendered":"<div dir=\"auto\">A gy\u00e1rilag fekete b\u0151rbels\u0151s vad\u00f3c egy teljes (Individual-al megegyez\u0151) barna sz\u00edn\u0171 csomagot kapott, megvad\u00edtva egy kis alcantar\u00e1val \u00e9s n\u00e9mi carbonnal.<\/div>\n<div dir=\"auto\"><\/div>\n<div dir=\"auto\">A g\u00e9p ismert \u201et\u00edpushib\u00e1j\u00e1t\u201d term\u00e9szetesen kijav\u00edtottuk, a fekete \u00f6veket sz\u00ednben harmoniz\u00e1l\u00f3 barna \u00f6vekre cser\u00e9lt\u00fck, \u00edgy a v\u00e9geredm\u00e9ny meglehet\u0151sen impoz\u00e1ns lett, tulajdonk\u00e9ppen egy majdnem vadi\u00faj utasteret siker\u00fclt el\u00e9rni.<\/div>\n","protected":false},"featured_media":1771,"comment_status":"open","ping_status":"closed","template":"","meta":{"_acf_changed":false,"_monsterinsights_skip_tracking":false,"_monsterinsights_sitenote_active":false,"_monsterinsights_sitenote_note":"","_monsterinsights_sitenote_category":0},"marka":[67],"product_cat":[39],"product_tag":[66,61,62,64,44,60,46,65,63,47,45],"class_list":{"0":"post-3316","1":"product","2":"type-product","3":"status-publish","4":"has-post-thumbnail","6":"marka-bmw","7":"product_cat-egyeb","8":"product_tag-ajtokarpit","9":"product_tag-csomagter","10":"product_tag-kalaptarto","11":"product_tag-konyoklo","12":"product_tag-kormany","13":"product_tag-kozepkonzol","14":"product_tag-muszerfal","15":"product_tag-oszlopok","16":"product_tag-szonyeg","17":"product_tag-teljes-utaster","18":"product_tag-tetokarpit","20":"first","21":"instock","22":"shipping-taxable","23":"product-type-simple"},"acf":[],"_links":{"self":[{"href":"https:\/\/mmminterior.hu\/en\/wp-json\/wp\/v2\/product\/3316","targetHints":{"allow":["GET"]}}],"collection":[{"href":"https:\/\/mmminterior.hu\/en\/wp-json\/wp\/v2\/product"}],"about":[{"href":"https:\/\/mmminterior.hu\/en\/wp-json\/wp\/v2\/types\/product"}],"replies":[{"embeddable":true,"href":"https:\/\/mmminterior.hu\/en\/wp-json\/wp\/v2\/comments?post=3316"}],"wp:featuredmedia":[{"embeddable":true,"href":"https:\/\/mmminterior.hu\/en\/wp-json\/wp\/v2\/media\/1771"}],"wp:attachment":[{"href":"https:\/\/mmminterior.hu\/en\/wp-json\/wp\/v2\/media?parent=3316"}],"wp:term":[{"taxonomy":"marka","embeddable":true,"href":"https:\/\/mmminterior.hu\/en\/wp-json\/wp\/v2\/marka?post=3316"},{"taxonomy":"product_cat","embeddable":true,"href":"https:\/\/mmminterior.hu\/en\/wp-json\/wp\/v2\/product_cat?post=3316"},{"taxonomy":"product_tag","embeddable":true,"href":"https:\/\/mmminterior.hu\/en\/wp-json\/wp\/v2\/product_tag?post=3316"}],"curies":[{"name":"wp","href":"https:\/\/api.w.org\/{rel}","templated":true}]}}

<div dir="auto">A gyárilag fekete bőrbelsős vadóc egy teljes (Individual-al megegyező) barna színű csomagot kapott, megvadítva egy kis alcantarával és némi carbonnal.</div>
<div dir="auto"></div>
<div dir="auto">A gép ismert „típushibáját” természetesen kijavítottuk, a fekete öveket színben harmonizáló barna övekre cseréltük, így a végeredmény meglehetősen impozáns lett, tulajdonképpen egy majdnem vadiúj utasteret sikerült elérni.</div>
