{"id":3504,"date":"2024-09-12T17:09:32","date_gmt":"2024-09-12T15:09:32","guid":{"rendered":"https:\/\/mmminterior.hu\/?post_type=product&#038;p=3504"},"modified":"2024-09-12T18:15:22","modified_gmt":"2024-09-12T16:15:22","slug":"bmw-e36-m3-gt","status":"publish","type":"product","link":"https:\/\/mmminterior.hu\/en\/referenciak\/bmw-e36-m3-gt\/","title":{"rendered":"BMW E36 M3 GT"},"content":{"rendered":"","protected":false},"excerpt":{"rendered":"<p>Egy Eur\u00f3p\u00e1ban is ritkas\u00e1gsz\u00e1mba men\u0151 E36 M3 GT-t adtunk \u00e1t teljesen fel\u00faj\u00edtva. A mind\u00f6sszesen 356 darabsz\u00e1mban gy\u00e1rtott GT 305. p\u00e9ld\u00e1ny\u00e1t vett\u00fck kezel\u00e9sbe, id\u0151t, energi\u00e1t nem sp\u00f3rolva.<\/p>\n<p>A 4 hetes proced\u00fara alatt az aut\u00f3 szinte minden elem\u00e9t fel\u00faj\u00edtottuk, minden egyes apr\u00f3 r\u00e9szletre kiemelten figyelve. A b\u0151r, alcantara \u00e9s tet\u0151k\u00e1rpit, kalaptart\u00f3 anyagainak cser\u00e9je mellett az \u00f6sszes eredeti karbon bet\u00e9t is meg\u00fajult.A v\u00e9geredm\u00e9ny elk\u00e9peszt\u0151 \u00f6sszk\u00e9pet mutat, sz\u00e1munkra is az eddigi egyik legkomolyabb g\u00e9pen tudtunk dolgozni, nagyon k\u00f6sz\u00f6nj\u00fck P\u00e9ternek a bizalm\u00e1t!<\/p>\n","protected":false},"featured_media":1849,"comment_status":"open","ping_status":"closed","template":"","meta":{"_acf_changed":false,"_monsterinsights_skip_tracking":false,"_monsterinsights_sitenote_active":false,"_monsterinsights_sitenote_note":"","_monsterinsights_sitenote_category":0},"marka":[67,71],"product_cat":[39],"product_tag":[66,62,44,60,46,82,47,43],"class_list":{"0":"post-3504","1":"product","2":"type-product","3":"status-publish","4":"has-post-thumbnail","6":"marka-bmw","7":"marka-e36","8":"product_cat-egyeb","9":"product_tag-ajtokarpit","10":"product_tag-kalaptarto","11":"product_tag-kormany","12":"product_tag-kozepkonzol","13":"product_tag-muszerfal","14":"product_tag-teljes-tisztitas","15":"product_tag-teljes-utaster","16":"product_tag-ules","18":"first","19":"instock","20":"shipping-taxable","21":"product-type-simple"},"acf":[],"_links":{"self":[{"href":"https:\/\/mmminterior.hu\/en\/wp-json\/wp\/v2\/product\/3504","targetHints":{"allow":["GET"]}}],"collection":[{"href":"https:\/\/mmminterior.hu\/en\/wp-json\/wp\/v2\/product"}],"about":[{"href":"https:\/\/mmminterior.hu\/en\/wp-json\/wp\/v2\/types\/product"}],"replies":[{"embeddable":true,"href":"https:\/\/mmminterior.hu\/en\/wp-json\/wp\/v2\/comments?post=3504"}],"wp:featuredmedia":[{"embeddable":true,"href":"https:\/\/mmminterior.hu\/en\/wp-json\/wp\/v2\/media\/1849"}],"wp:attachment":[{"href":"https:\/\/mmminterior.hu\/en\/wp-json\/wp\/v2\/media?parent=3504"}],"wp:term":[{"taxonomy":"marka","embeddable":true,"href":"https:\/\/mmminterior.hu\/en\/wp-json\/wp\/v2\/marka?post=3504"},{"taxonomy":"product_cat","embeddable":true,"href":"https:\/\/mmminterior.hu\/en\/wp-json\/wp\/v2\/product_cat?post=3504"},{"taxonomy":"product_tag","embeddable":true,"href":"https:\/\/mmminterior.hu\/en\/wp-json\/wp\/v2\/product_tag?post=3504"}],"curies":[{"name":"wp","href":"https:\/\/api.w.org\/{rel}","templated":true}]}}

<p>Egy Európában is ritkaságszámba menő E36 M3 GT-t adtunk át teljesen felújítva. A mindösszesen 356 darabszámban gyártott GT 305. példányát vettük kezelésbe, időt, energiát nem spórolva.</p>
<p>A 4 hetes procedúra alatt az autó szinte minden elemét felújítottuk, minden egyes apró részletre kiemelten figyelve. A bőr, alcantara és tetőkárpit, kalaptartó anyagainak cseréje mellett az összes eredeti karbon betét is megújult.A végeredmény elképesztő összképet mutat, számunkra is az eddigi egyik legkomolyabb gépen tudtunk dolgozni, nagyon köszönjük Péternek a bizalmát!</p>
