{"id":3505,"date":"2024-09-12T17:15:31","date_gmt":"2024-09-12T15:15:31","guid":{"rendered":"https:\/\/mmminterior.hu\/?post_type=product&#038;p=3505"},"modified":"2024-09-12T18:15:41","modified_gmt":"2024-09-12T16:15:41","slug":"porsche-997","status":"publish","type":"product","link":"https:\/\/mmminterior.hu\/en\/referenciak\/porsche-997\/","title":{"rendered":"Porsche 997"},"content":{"rendered":"","protected":false},"excerpt":{"rendered":"<p>A carraraweiss Carrera homoksz\u00edn\u0171 bels\u0151vel v\u00e1rta, hogy kezel\u00e9sbe vegy\u00fck, \u00edgy a k\u00e9r\u00e9snek megfelel\u0151en, az \u00f6sszes l\u00e9tez\u0151 \u00e9s zavar\u00f3 kop\u00e1st, hib\u00e1t kijav\u00edtottuk, \u00e9s nagyon r\u00e9szletesen fel\u00faj\u00edtottuk a teljes utasteret.<\/p>\n<p>A k\u00f6vetkez\u0151 szezonra minden m\u0171szaki \u00e9s optikai jav\u00edt\u00e1s, fejleszt\u00e9s is meglesz, k\u00edv\u00e1ncsian v\u00e1rjuk a teljes v\u00e9geredm\u00e9nyt!<\/p>\n","protected":false},"featured_media":848,"comment_status":"open","ping_status":"closed","template":"","meta":{"_acf_changed":false,"_monsterinsights_skip_tracking":false,"_monsterinsights_sitenote_active":false,"_monsterinsights_sitenote_note":"","_monsterinsights_sitenote_category":0},"marka":[],"product_cat":[39],"product_tag":[66,44,60,46,63,82,47,43],"class_list":{"0":"post-3505","1":"product","2":"type-product","3":"status-publish","4":"has-post-thumbnail","6":"product_cat-egyeb","7":"product_tag-ajtokarpit","8":"product_tag-kormany","9":"product_tag-kozepkonzol","10":"product_tag-muszerfal","11":"product_tag-szonyeg","12":"product_tag-teljes-tisztitas","13":"product_tag-teljes-utaster","14":"product_tag-ules","16":"first","17":"instock","18":"shipping-taxable","19":"product-type-simple"},"acf":[],"_links":{"self":[{"href":"https:\/\/mmminterior.hu\/en\/wp-json\/wp\/v2\/product\/3505","targetHints":{"allow":["GET"]}}],"collection":[{"href":"https:\/\/mmminterior.hu\/en\/wp-json\/wp\/v2\/product"}],"about":[{"href":"https:\/\/mmminterior.hu\/en\/wp-json\/wp\/v2\/types\/product"}],"replies":[{"embeddable":true,"href":"https:\/\/mmminterior.hu\/en\/wp-json\/wp\/v2\/comments?post=3505"}],"wp:featuredmedia":[{"embeddable":true,"href":"https:\/\/mmminterior.hu\/en\/wp-json\/wp\/v2\/media\/848"}],"wp:attachment":[{"href":"https:\/\/mmminterior.hu\/en\/wp-json\/wp\/v2\/media?parent=3505"}],"wp:term":[{"taxonomy":"marka","embeddable":true,"href":"https:\/\/mmminterior.hu\/en\/wp-json\/wp\/v2\/marka?post=3505"},{"taxonomy":"product_cat","embeddable":true,"href":"https:\/\/mmminterior.hu\/en\/wp-json\/wp\/v2\/product_cat?post=3505"},{"taxonomy":"product_tag","embeddable":true,"href":"https:\/\/mmminterior.hu\/en\/wp-json\/wp\/v2\/product_tag?post=3505"}],"curies":[{"name":"wp","href":"https:\/\/api.w.org\/{rel}","templated":true}]}}

<p>A carraraweiss Carrera homokszínű belsővel várta, hogy kezelésbe vegyük, így a kérésnek megfelelően, az összes létező és zavaró kopást, hibát kijavítottuk, és nagyon részletesen felújítottuk a teljes utasteret.</p>
<p>A következő szezonra minden műszaki és optikai javítás, fejlesztés is meglesz, kíváncsian várjuk a teljes végeredményt!</p>
