{"id":3506,"date":"2024-09-12T17:16:46","date_gmt":"2024-09-12T15:16:46","guid":{"rendered":"https:\/\/mmminterior.hu\/?post_type=product&#038;p=3506"},"modified":"2024-09-12T19:42:14","modified_gmt":"2024-09-12T17:42:14","slug":"bmw-e31-840ci","status":"publish","type":"product","link":"https:\/\/mmminterior.hu\/en\/referenciak\/bmw-e31-840ci\/","title":{"rendered":"BMW E31 840Ci"},"content":{"rendered":"","protected":false},"excerpt":{"rendered":"<p>Az E31-es (8-as) BMW sokak \u00e1ltal kedvelt t\u00edpus, egyre t\u00f6bben v\u00e1lasztj\u00e1k a g\u00e9pet egy-egy gy\u0171jtem\u00e9ny darabj\u00e1nak vagy h\u00e9tv\u00e9gi aut\u00f3nak.<\/p>\n<p>Hozz\u00e1nk most egy amerikai 840Ci \u00e9rkezett teljes bels\u0151 fel\u00faj\u00edt\u00e1sra, kompromisszumok n\u00e9lk\u00fcl.<\/p>\n<p>\u00cdgy rendbetett\u00fck az \u00fcl\u00e9seket, a korm\u00e1nyt, \u00fajrah\u00faztuk a teljes tet\u0151k\u00e1rpitot a kalaptart\u00f3val egy\u00fctt, szinte az \u00f6sszes m\u0171anyag elemet \u00fajraf\u00fajtuk, \u00e9s sok-sok apr\u00f3 hib\u00e1t kijav\u00edtottunk j\u00f3 p\u00e1r gy\u00e1ri \u00faj BMW alkatr\u00e9sz be\u00e9p\u00edt\u00e9se mellett.<\/p>\n","protected":false},"featured_media":2336,"comment_status":"open","ping_status":"closed","template":"","meta":{"_acf_changed":false,"_monsterinsights_skip_tracking":false,"_monsterinsights_sitenote_active":false,"_monsterinsights_sitenote_note":"","_monsterinsights_sitenote_category":0},"marka":[67,73],"product_cat":[39],"product_tag":[66,62,44,60,46,82,47,43],"class_list":{"0":"post-3506","1":"product","2":"type-product","3":"status-publish","4":"has-post-thumbnail","6":"marka-bmw","7":"marka-e31","8":"product_cat-egyeb","9":"product_tag-ajtokarpit","10":"product_tag-kalaptarto","11":"product_tag-kormany","12":"product_tag-kozepkonzol","13":"product_tag-muszerfal","14":"product_tag-teljes-tisztitas","15":"product_tag-teljes-utaster","16":"product_tag-ules","18":"first","19":"instock","20":"shipping-taxable","21":"product-type-simple"},"acf":[],"_links":{"self":[{"href":"https:\/\/mmminterior.hu\/en\/wp-json\/wp\/v2\/product\/3506","targetHints":{"allow":["GET"]}}],"collection":[{"href":"https:\/\/mmminterior.hu\/en\/wp-json\/wp\/v2\/product"}],"about":[{"href":"https:\/\/mmminterior.hu\/en\/wp-json\/wp\/v2\/types\/product"}],"replies":[{"embeddable":true,"href":"https:\/\/mmminterior.hu\/en\/wp-json\/wp\/v2\/comments?post=3506"}],"wp:featuredmedia":[{"embeddable":true,"href":"https:\/\/mmminterior.hu\/en\/wp-json\/wp\/v2\/media\/2336"}],"wp:attachment":[{"href":"https:\/\/mmminterior.hu\/en\/wp-json\/wp\/v2\/media?parent=3506"}],"wp:term":[{"taxonomy":"marka","embeddable":true,"href":"https:\/\/mmminterior.hu\/en\/wp-json\/wp\/v2\/marka?post=3506"},{"taxonomy":"product_cat","embeddable":true,"href":"https:\/\/mmminterior.hu\/en\/wp-json\/wp\/v2\/product_cat?post=3506"},{"taxonomy":"product_tag","embeddable":true,"href":"https:\/\/mmminterior.hu\/en\/wp-json\/wp\/v2\/product_tag?post=3506"}],"curies":[{"name":"wp","href":"https:\/\/api.w.org\/{rel}","templated":true}]}}

<p>Az E31-es (8-as) BMW sokak által kedvelt típus, egyre többen választják a gépet egy-egy gyűjtemény darabjának vagy hétvégi autónak.</p>
<p>Hozzánk most egy amerikai 840Ci érkezett teljes belső felújításra, kompromisszumok nélkül.</p>
<p>Így rendbetettük az üléseket, a kormányt, újrahúztuk a teljes tetőkárpitot a kalaptartóval együtt, szinte az összes műanyag elemet újrafújtuk, és sok-sok apró hibát kijavítottunk jó pár gyári új BMW alkatrész beépítése mellett.</p>
