{"id":3508,"date":"2024-09-12T17:27:40","date_gmt":"2024-09-12T15:27:40","guid":{"rendered":"https:\/\/mmminterior.hu\/?post_type=product&#038;p=3508"},"modified":"2024-09-12T18:59:55","modified_gmt":"2024-09-12T16:59:55","slug":"bmw-e36-m3-3-2-evo","status":"publish","type":"product","link":"https:\/\/mmminterior.hu\/en\/referenciak\/bmw-e36-m3-3-2-evo\/","title":{"rendered":"BMW E36 M3 3.2 Evo"},"content":{"rendered":"","protected":false},"excerpt":{"rendered":"<p>A 3.2-es k\u00e9zi 6-os v\u00e1lt\u00f3s limo ritka sz\u00ednkombin\u00e1ci\u00f3val ker\u00fclt le anno a gy\u00e1rt\u00f3sorr\u00f3l, a bostongr\u00fcn\/modena walknappa sz\u00ednkombin\u00e1ci\u00f3s g\u00e9putastere egy teljes fel\u00faj\u00edt\u00e1st kapott t\u0151l\u00fcnk, kompromisszumok n\u00e9lk\u00fcl.<\/p>\n<p>Igy az am\u00fagy m\u00e1r egyszer fel\u00faj\u00edtott, sz\u00e9p \u00e1llapotban l\u00e9v\u0151 (de nem kifog\u00e1stalan) b\u0151rbels\u0151 teljes m\u00e9rt\u00e9kben \u00fajra lett h\u00fazva, fels\u0151 kateg\u00f3ri\u00e1s, gy\u00e1ri sz\u00ednnel megegyez\u0151 nappab\u0151rrel. Ha m\u00e1r ennyire sz\u00e9t volt szedve, a teljes k\u00f6z\u00e9pkonzol \u00e9s a m\u0171szerfal als\u00f3 r\u00e9szei is kaptak a b\u0151rb\u0151l, \u00e9s minden bels\u0151 elem csak alapos tiszt\u00edt\u00e1s ut\u00e1n (\u00e9s hib\u00e1tlanul) ker\u00fclhetett vissza.<\/p>\n<p>A v\u00e9geredm\u00e9nyt a k\u00e9pekkel csak r\u00e9szben tudjuk visszaadni, ez az M3 nemcsak itthon, de Eur\u00f3p\u00e1ban is a legjobb p\u00e9ld\u00e1nyok k\u00f6z\u00e9 tartozik.<\/p>\n","protected":false},"featured_media":2410,"comment_status":"open","ping_status":"closed","template":"","meta":{"_acf_changed":false,"_monsterinsights_skip_tracking":false,"_monsterinsights_sitenote_active":false,"_monsterinsights_sitenote_note":"","_monsterinsights_sitenote_category":0},"marka":[67,71],"product_cat":[39],"product_tag":[66,62,44,60,46,63,82,47,43],"class_list":{"0":"post-3508","1":"product","2":"type-product","3":"status-publish","4":"has-post-thumbnail","6":"marka-bmw","7":"marka-e36","8":"product_cat-egyeb","9":"product_tag-ajtokarpit","10":"product_tag-kalaptarto","11":"product_tag-kormany","12":"product_tag-kozepkonzol","13":"product_tag-muszerfal","14":"product_tag-szonyeg","15":"product_tag-teljes-tisztitas","16":"product_tag-teljes-utaster","17":"product_tag-ules","19":"first","20":"instock","21":"shipping-taxable","22":"product-type-simple"},"acf":[],"_links":{"self":[{"href":"https:\/\/mmminterior.hu\/en\/wp-json\/wp\/v2\/product\/3508","targetHints":{"allow":["GET"]}}],"collection":[{"href":"https:\/\/mmminterior.hu\/en\/wp-json\/wp\/v2\/product"}],"about":[{"href":"https:\/\/mmminterior.hu\/en\/wp-json\/wp\/v2\/types\/product"}],"replies":[{"embeddable":true,"href":"https:\/\/mmminterior.hu\/en\/wp-json\/wp\/v2\/comments?post=3508"}],"wp:featuredmedia":[{"embeddable":true,"href":"https:\/\/mmminterior.hu\/en\/wp-json\/wp\/v2\/media\/2410"}],"wp:attachment":[{"href":"https:\/\/mmminterior.hu\/en\/wp-json\/wp\/v2\/media?parent=3508"}],"wp:term":[{"taxonomy":"marka","embeddable":true,"href":"https:\/\/mmminterior.hu\/en\/wp-json\/wp\/v2\/marka?post=3508"},{"taxonomy":"product_cat","embeddable":true,"href":"https:\/\/mmminterior.hu\/en\/wp-json\/wp\/v2\/product_cat?post=3508"},{"taxonomy":"product_tag","embeddable":true,"href":"https:\/\/mmminterior.hu\/en\/wp-json\/wp\/v2\/product_tag?post=3508"}],"curies":[{"name":"wp","href":"https:\/\/api.w.org\/{rel}","templated":true}]}}

<p>A 3.2-es kézi 6-os váltós limo ritka színkombinációval került le anno a gyártósorról, a bostongrün/modena walknappa színkombinációs géputastere egy teljes felújítást kapott tőlünk, kompromisszumok nélkül.</p>
<p>Igy az amúgy már egyszer felújított, szép állapotban lévő (de nem kifogástalan) bőrbelső teljes mértékben újra lett húzva, felső kategóriás, gyári színnel megegyező nappabőrrel. Ha már ennyire szét volt szedve, a teljes középkonzol és a műszerfal alsó részei is kaptak a bőrből, és minden belső elem csak alapos tisztítás után (és hibátlanul) kerülhetett vissza.</p>
<p>A végeredményt a képekkel csak részben tudjuk visszaadni, ez az M3 nemcsak itthon, de Európában is a legjobb példányok közé tartozik.</p>
