{"id":3568,"date":"2024-09-15T17:35:45","date_gmt":"2024-09-15T15:35:45","guid":{"rendered":"https:\/\/mmminterior.hu\/?post_type=product&#038;p=3568"},"modified":"2024-09-15T17:35:45","modified_gmt":"2024-09-15T15:35:45","slug":"vw-golf-7-5-gti-oem","status":"publish","type":"product","link":"https:\/\/mmminterior.hu\/en\/referenciak\/vw-golf-7-5-gti-oem\/","title":{"rendered":"VW GOLF 7.5 GTI OEM+"},"content":{"rendered":"<p>&nbsp;<\/p>\n","protected":false},"excerpt":{"rendered":"<p>A\u00a0gy\u00e1ri \u00fcl\u00e9sek helyett Recaro CS &#8211; ek lettek beszerelve, term\u00e9szetesen a gy\u00e1ri k\u00e1rpittal megegyez\u0151 GTI kock\u00e1s anyaggal, alcantar\u00e1val, piros c\u00e9rn\u00e1val \u00fajrah\u00fazva. Az \u00f6veket pirosra cser\u00e9lt\u00fck, a k\u00f6ny\u00f6kl\u0151k, ajt\u00f3k\u00e1rpit bet\u00e9tek szint\u00e9n alcantar\u00e1val lettek beh\u00fazva, hogy a korm\u00e1nnyal, v\u00e1lt\u00f3zs\u00e1kkal egy\u00fctt t\u00f6k\u00e9letes \u00f6sszk\u00e9pet adjanak.<\/p>\n","protected":false},"featured_media":3587,"comment_status":"open","ping_status":"closed","template":"","meta":{"_acf_changed":false,"_monsterinsights_skip_tracking":false,"_monsterinsights_sitenote_active":false,"_monsterinsights_sitenote_note":"","_monsterinsights_sitenote_category":0},"marka":[86],"product_cat":[39],"product_tag":[],"class_list":{"0":"post-3568","1":"product","2":"type-product","3":"status-publish","4":"has-post-thumbnail","6":"marka-volkswagen","7":"product_cat-egyeb","9":"first","10":"instock","11":"shipping-taxable","12":"product-type-simple"},"acf":[],"_links":{"self":[{"href":"https:\/\/mmminterior.hu\/en\/wp-json\/wp\/v2\/product\/3568","targetHints":{"allow":["GET"]}}],"collection":[{"href":"https:\/\/mmminterior.hu\/en\/wp-json\/wp\/v2\/product"}],"about":[{"href":"https:\/\/mmminterior.hu\/en\/wp-json\/wp\/v2\/types\/product"}],"replies":[{"embeddable":true,"href":"https:\/\/mmminterior.hu\/en\/wp-json\/wp\/v2\/comments?post=3568"}],"wp:featuredmedia":[{"embeddable":true,"href":"https:\/\/mmminterior.hu\/en\/wp-json\/wp\/v2\/media\/3587"}],"wp:attachment":[{"href":"https:\/\/mmminterior.hu\/en\/wp-json\/wp\/v2\/media?parent=3568"}],"wp:term":[{"taxonomy":"marka","embeddable":true,"href":"https:\/\/mmminterior.hu\/en\/wp-json\/wp\/v2\/marka?post=3568"},{"taxonomy":"product_cat","embeddable":true,"href":"https:\/\/mmminterior.hu\/en\/wp-json\/wp\/v2\/product_cat?post=3568"},{"taxonomy":"product_tag","embeddable":true,"href":"https:\/\/mmminterior.hu\/en\/wp-json\/wp\/v2\/product_tag?post=3568"}],"curies":[{"name":"wp","href":"https:\/\/api.w.org\/{rel}","templated":true}]}}

<p>A gyári ülések helyett Recaro CS &#8211; ek lettek beszerelve, természetesen a gyári kárpittal megegyező GTI kockás anyaggal, alcantarával, piros cérnával újrahúzva. Az öveket pirosra cseréltük, a könyöklők, ajtókárpit betétek szintén alcantarával lettek behúzva, hogy a kormánnyal, váltózsákkal együtt tökéletes összképet adjanak.</p>
