{"id":3638,"date":"2024-09-15T17:54:21","date_gmt":"2024-09-15T15:54:21","guid":{"rendered":"https:\/\/mmminterior.hu\/?post_type=product&#038;p=3638"},"modified":"2025-01-03T22:02:33","modified_gmt":"2025-01-03T20:02:33","slug":"bmw-e46-m3-laguna-seca","status":"publish","type":"product","link":"https:\/\/mmminterior.hu\/en\/referenciak\/bmw-e46-m3-laguna-seca\/","title":{"rendered":"BMW E46 M3 LAGUNA SECA"},"content":{"rendered":"","protected":false},"excerpt":{"rendered":"<div class=\"xdj266r x11i5rnm xat24cr x1mh8g0r x1vvkbs x126k92a\">\n<div dir=\"auto\">BMW E46 M3 Laguna Seca &#8211; MMM edition<\/div>\n<div dir=\"auto\"><\/div>\n<\/div>\n<div class=\"x11i5rnm xat24cr x1mh8g0r x1vvkbs xtlvy1s x126k92a\">\n<div dir=\"auto\">T\u00f6bb h\u00f3nap ut\u00e1n v\u00e9gre elk\u00e9sz\u00fclt\u00fcnk vele, igyekezt\u00fcnk minden apr\u00f3 r\u00e9szletre odafigyelni \u00e9s a legnemesebb anyagokat felhaszn\u00e1lni .<\/div>\n<div dir=\"auto\">Recaro Pole Position \u00fcl\u00e9sek nappab\u0151rrel (limit\u00e1lt M sz\u00f6vettel), piros motorsportos \u00f6vek, rengeteg carbon kieg\u00e9sz\u00edt\u0151 \u00e9s teljes alcantara m\u0171szerfal, ajt\u00f3k\u00e1rpitok, tet\u0151k\u00e1rpit, kalaptart\u00f3 teszi ezt a nem mindennapi M3-ast m\u00e9g egyedibb\u00e9.<\/div>\n<\/div>\n","protected":false},"featured_media":3639,"comment_status":"open","ping_status":"closed","template":"","meta":{"_acf_changed":false,"_monsterinsights_skip_tracking":false,"_monsterinsights_sitenote_active":false,"_monsterinsights_sitenote_note":"","_monsterinsights_sitenote_category":0},"marka":[67,75],"product_cat":[39],"product_tag":[],"class_list":{"0":"post-3638","1":"product","2":"type-product","3":"status-publish","4":"has-post-thumbnail","6":"marka-bmw","7":"marka-e46","8":"product_cat-egyeb","10":"first","11":"instock","12":"shipping-taxable","13":"product-type-simple"},"acf":[],"_links":{"self":[{"href":"https:\/\/mmminterior.hu\/en\/wp-json\/wp\/v2\/product\/3638","targetHints":{"allow":["GET"]}}],"collection":[{"href":"https:\/\/mmminterior.hu\/en\/wp-json\/wp\/v2\/product"}],"about":[{"href":"https:\/\/mmminterior.hu\/en\/wp-json\/wp\/v2\/types\/product"}],"replies":[{"embeddable":true,"href":"https:\/\/mmminterior.hu\/en\/wp-json\/wp\/v2\/comments?post=3638"}],"wp:featuredmedia":[{"embeddable":true,"href":"https:\/\/mmminterior.hu\/en\/wp-json\/wp\/v2\/media\/3639"}],"wp:attachment":[{"href":"https:\/\/mmminterior.hu\/en\/wp-json\/wp\/v2\/media?parent=3638"}],"wp:term":[{"taxonomy":"marka","embeddable":true,"href":"https:\/\/mmminterior.hu\/en\/wp-json\/wp\/v2\/marka?post=3638"},{"taxonomy":"product_cat","embeddable":true,"href":"https:\/\/mmminterior.hu\/en\/wp-json\/wp\/v2\/product_cat?post=3638"},{"taxonomy":"product_tag","embeddable":true,"href":"https:\/\/mmminterior.hu\/en\/wp-json\/wp\/v2\/product_tag?post=3638"}],"curies":[{"name":"wp","href":"https:\/\/api.w.org\/{rel}","templated":true}]}}

<div class="xdj266r x11i5rnm xat24cr x1mh8g0r x1vvkbs x126k92a">
<div dir="auto">BMW E46 M3 Laguna Seca &#8211; MMM edition</div>
<div dir="auto"></div>
</div>
<div class="x11i5rnm xat24cr x1mh8g0r x1vvkbs xtlvy1s x126k92a">
<div dir="auto">Több hónap után végre elkészültünk vele, igyekeztünk minden apró részletre odafigyelni és a legnemesebb anyagokat felhasználni .</div>
<div dir="auto">Recaro Pole Position ülések nappabőrrel (limitált M szövettel), piros motorsportos övek, rengeteg carbon kiegészítő és teljes alcantara műszerfal, ajtókárpitok, tetőkárpit, kalaptartó teszi ezt a nem mindennapi M3-ast még egyedibbé.</div>
</div>
