{"id":3692,"date":"2024-09-19T20:03:12","date_gmt":"2024-09-19T18:03:12","guid":{"rendered":"https:\/\/mmminterior.hu\/?post_type=product&#038;p=3692"},"modified":"2025-01-03T22:15:12","modified_gmt":"2025-01-03T20:15:12","slug":"porsche-993-riviera-blau-nappa","status":"publish","type":"product","link":"https:\/\/mmminterior.hu\/en\/referenciak\/porsche-993-riviera-blau-nappa\/","title":{"rendered":"Porsche 993 &#8211; Carbon \/ Riviera blau"},"content":{"rendered":"","protected":false},"excerpt":{"rendered":"<div class=\"xdj266r x11i5rnm xat24cr x1mh8g0r x1vvkbs x126k92a\">\n<div dir=\"auto\"><span class=\"html-span xexx8yu x4uap5 x18d9i69 xkhd6sd x1hl2dhg x16tdsg8 x1vvkbs x3nfvp2 x1j61x8r x1fcty0u xdj266r xat24cr xgzva0m xhhsvwb xxymvpz xlup9mm x1kky2od\"><img decoding=\"async\" class=\"xz74otr lazyload\" data-src=\"https:\/\/static.xx.fbcdn.net\/images\/emoji.php\/v9\/tef\/1\/16\/1f535.png\" alt=\"\ud83d\udd35\" width=\"16\" height=\"16\" src=\"data:image\/gif;base64,R0lGODlhAQABAAAAACH5BAEKAAEALAAAAAABAAEAAAICTAEAOw==\" style=\"--smush-placeholder-width: 16px; --smush-placeholder-aspect-ratio: 16\/16;\" \/><noscript><img decoding=\"async\" class=\"xz74otr\" src=\"https:\/\/static.xx.fbcdn.net\/images\/emoji.php\/v9\/tef\/1\/16\/1f535.png\" alt=\"\ud83d\udd35\" width=\"16\" height=\"16\" \/><\/noscript><\/span> Porsche 993 &#8211; riviera blue \/ carbon <span class=\"html-span xexx8yu x4uap5 x18d9i69 xkhd6sd x1hl2dhg x16tdsg8 x1vvkbs x3nfvp2 x1j61x8r x1fcty0u xdj266r xat24cr xgzva0m xhhsvwb xxymvpz xlup9mm x1kky2od\"><img decoding=\"async\" class=\"xz74otr lazyload\" data-src=\"https:\/\/static.xx.fbcdn.net\/images\/emoji.php\/v9\/te\/1\/16\/26ab.png\" alt=\"\u26ab\" width=\"16\" height=\"16\" src=\"data:image\/gif;base64,R0lGODlhAQABAAAAACH5BAEKAAEALAAAAAABAAEAAAICTAEAOw==\" style=\"--smush-placeholder-width: 16px; --smush-placeholder-aspect-ratio: 16\/16;\" \/><noscript><img decoding=\"async\" class=\"xz74otr\" src=\"https:\/\/static.xx.fbcdn.net\/images\/emoji.php\/v9\/te\/1\/16\/26ab.png\" alt=\"\u26ab\" width=\"16\" height=\"16\" \/><\/noscript><\/span><\/div>\n<\/div>\n<div class=\"x11i5rnm xat24cr x1mh8g0r x1vvkbs xtlvy1s x126k92a\">\n<div dir=\"auto\">Bal\u00e1zs t\u00f6bb \u00e9ve im\u00e1dja 993-as\u00e1t, azonban az utaster\u00e9t szerette volna saj\u00e1t \u00edzl\u00e9s\u00e9nek megfelel\u0151en l\u00e1tni.<\/div>\n<div dir=\"auto\">Szeretj\u00fck ha egy tulajdonos nyitott a tot\u00e1lis v\u00e1ltoz\u00e1sra, \u00edgy szabad kezet kapva &#8211; persze mindent leegyeztve &#8211; \u00e1lmodtuk \u00e9s val\u00f3s\u00edtottuk meg a 993 \u00faj utaster\u00e9t.<\/div>\n<\/div>\n<div class=\"x11i5rnm xat24cr x1mh8g0r x1vvkbs xtlvy1s x126k92a\">\n<div dir=\"auto\">Mivel az aut\u00f3 sosem lesz OT-ra sz\u00e1nva \u00e9s szigor\u00faan \u00e9lvezeti c\u00e9lokat szolg\u00e1l, a gy\u00e1ri fekete bels\u0151t Porsche riviera blau nappab\u0151rrel h\u00faztuk \u00e1t, a m\u0171szerfalat, k\u00f6z\u00e9pkonzolt \u00e9s az ajt\u00f3k fels\u0151 takar\u00f3it carbon k\u00e9sz\u00fclt elemekre cser\u00e9lt\u00fck. \u00cdgy az eredeti alkatr\u00e9szek mind megmaradtak, amennyiben sz\u00fcks\u00e9g lenne r\u00e1juk a t\u00e1voli j\u00f6v\u0151ben.<\/div>\n<\/div>\n<div class=\"x11i5rnm xat24cr x1mh8g0r x1vvkbs xtlvy1s x126k92a\">\n<div dir=\"auto\">Emellett az utast\u00e9r \u00f6sszes kisebb-nagyobb hib\u00e1j\u00e1t kijav\u00edtottuk, hogy t\u00e9nyleg egy teljesen \u00fajszer\u0171 \u00f6sszk\u00e9ppel tudjuk \u00e1tadni a stuttgarti g\u00e9pet. <span class=\"html-span xexx8yu x4uap5 x18d9i69 xkhd6sd x1hl2dhg x16tdsg8 x1vvkbs x3nfvp2 x1j61x8r x1fcty0u xdj266r xat24cr xgzva0m xhhsvwb xxymvpz xlup9mm x1kky2od\"><img decoding=\"async\" class=\"xz74otr lazyload\" data-src=\"https:\/\/static.xx.fbcdn.net\/images\/emoji.php\/v9\/tb7\/1\/16\/1f917.png\" alt=\"\ud83e\udd17\" width=\"16\" height=\"16\" src=\"data:image\/gif;base64,R0lGODlhAQABAAAAACH5BAEKAAEALAAAAAABAAEAAAICTAEAOw==\" style=\"--smush-placeholder-width: 16px; --smush-placeholder-aspect-ratio: 16\/16;\" \/><noscript><img decoding=\"async\" class=\"xz74otr\" src=\"https:\/\/static.xx.fbcdn.net\/images\/emoji.php\/v9\/tb7\/1\/16\/1f917.png\" alt=\"\ud83e\udd17\" width=\"16\" height=\"16\" \/><\/noscript><\/span><\/div>\n<\/div>\n","protected":false},"featured_media":3693,"comment_status":"open","ping_status":"closed","template":"","meta":{"_acf_changed":false,"_monsterinsights_skip_tracking":false,"_monsterinsights_sitenote_active":false,"_monsterinsights_sitenote_note":"","_monsterinsights_sitenote_category":0},"marka":[78,68],"product_cat":[39],"product_tag":[],"class_list":{"0":"post-3692","1":"product","2":"type-product","3":"status-publish","4":"has-post-thumbnail","6":"marka-78","7":"marka-porsche","8":"product_cat-egyeb","10":"first","11":"instock","12":"shipping-taxable","13":"product-type-simple"},"acf":[],"_links":{"self":[{"href":"https:\/\/mmminterior.hu\/en\/wp-json\/wp\/v2\/product\/3692","targetHints":{"allow":["GET"]}}],"collection":[{"href":"https:\/\/mmminterior.hu\/en\/wp-json\/wp\/v2\/product"}],"about":[{"href":"https:\/\/mmminterior.hu\/en\/wp-json\/wp\/v2\/types\/product"}],"replies":[{"embeddable":true,"href":"https:\/\/mmminterior.hu\/en\/wp-json\/wp\/v2\/comments?post=3692"}],"wp:featuredmedia":[{"embeddable":true,"href":"https:\/\/mmminterior.hu\/en\/wp-json\/wp\/v2\/media\/3693"}],"wp:attachment":[{"href":"https:\/\/mmminterior.hu\/en\/wp-json\/wp\/v2\/media?parent=3692"}],"wp:term":[{"taxonomy":"marka","embeddable":true,"href":"https:\/\/mmminterior.hu\/en\/wp-json\/wp\/v2\/marka?post=3692"},{"taxonomy":"product_cat","embeddable":true,"href":"https:\/\/mmminterior.hu\/en\/wp-json\/wp\/v2\/product_cat?post=3692"},{"taxonomy":"product_tag","embeddable":true,"href":"https:\/\/mmminterior.hu\/en\/wp-json\/wp\/v2\/product_tag?post=3692"}],"curies":[{"name":"wp","href":"https:\/\/api.w.org\/{rel}","templated":true}]}}

<div class="xdj266r x11i5rnm xat24cr x1mh8g0r x1vvkbs x126k92a">
<div dir="auto"><span class="html-span xexx8yu x4uap5 x18d9i69 xkhd6sd x1hl2dhg x16tdsg8 x1vvkbs x3nfvp2 x1j61x8r x1fcty0u xdj266r xat24cr xgzva0m xhhsvwb xxymvpz xlup9mm x1kky2od"><img decoding="async" class="xz74otr lazyload" data-src="https://static.xx.fbcdn.net/images/emoji.php/v9/tef/1/16/1f535.png" alt="🔵" width="16" height="16" src="data:image/gif;base64,R0lGODlhAQABAAAAACH5BAEKAAEALAAAAAABAAEAAAICTAEAOw==" style="--smush-placeholder-width: 16px; --smush-placeholder-aspect-ratio: 16/16;" /><noscript><img decoding="async" class="xz74otr" src="https://static.xx.fbcdn.net/images/emoji.php/v9/tef/1/16/1f535.png" alt="🔵" width="16" height="16" /></noscript></span> Porsche 993 &#8211; riviera blue / carbon <span class="html-span xexx8yu x4uap5 x18d9i69 xkhd6sd x1hl2dhg x16tdsg8 x1vvkbs x3nfvp2 x1j61x8r x1fcty0u xdj266r xat24cr xgzva0m xhhsvwb xxymvpz xlup9mm x1kky2od"><img decoding="async" class="xz74otr lazyload" data-src="https://static.xx.fbcdn.net/images/emoji.php/v9/te/1/16/26ab.png" alt="⚫" width="16" height="16" src="data:image/gif;base64,R0lGODlhAQABAAAAACH5BAEKAAEALAAAAAABAAEAAAICTAEAOw==" style="--smush-placeholder-width: 16px; --smush-placeholder-aspect-ratio: 16/16;" /><noscript><img decoding="async" class="xz74otr" src="https://static.xx.fbcdn.net/images/emoji.php/v9/te/1/16/26ab.png" alt="⚫" width="16" height="16" /></noscript></span></div>
</div>
<div class="x11i5rnm xat24cr x1mh8g0r x1vvkbs xtlvy1s x126k92a">
<div dir="auto">Balázs több éve imádja 993-asát, azonban az utasterét szerette volna saját ízlésének megfelelően látni.</div>
<div dir="auto">Szeretjük ha egy tulajdonos nyitott a totális változásra, így szabad kezet kapva &#8211; persze mindent leegyeztve &#8211; álmodtuk és valósítottuk meg a 993 új utasterét.</div>
</div>
<div class="x11i5rnm xat24cr x1mh8g0r x1vvkbs xtlvy1s x126k92a">
<div dir="auto">Mivel az autó sosem lesz OT-ra szánva és szigorúan élvezeti célokat szolgál, a gyári fekete belsőt Porsche riviera blau nappabőrrel húztuk át, a műszerfalat, középkonzolt és az ajtók felső takaróit carbon készült elemekre cseréltük. Így az eredeti alkatrészek mind megmaradtak, amennyiben szükség lenne rájuk a távoli jövőben.</div>
</div>
<div class="x11i5rnm xat24cr x1mh8g0r x1vvkbs xtlvy1s x126k92a">
<div dir="auto">Emellett az utastér összes kisebb-nagyobb hibáját kijavítottuk, hogy tényleg egy teljesen újszerű összképpel tudjuk átadni a stuttgarti gépet. <span class="html-span xexx8yu x4uap5 x18d9i69 xkhd6sd x1hl2dhg x16tdsg8 x1vvkbs x3nfvp2 x1j61x8r x1fcty0u xdj266r xat24cr xgzva0m xhhsvwb xxymvpz xlup9mm x1kky2od"><img decoding="async" class="xz74otr lazyload" data-src="https://static.xx.fbcdn.net/images/emoji.php/v9/tb7/1/16/1f917.png" alt="🤗" width="16" height="16" src="data:image/gif;base64,R0lGODlhAQABAAAAACH5BAEKAAEALAAAAAABAAEAAAICTAEAOw==" style="--smush-placeholder-width: 16px; --smush-placeholder-aspect-ratio: 16/16;" /><noscript><img decoding="async" class="xz74otr" src="https://static.xx.fbcdn.net/images/emoji.php/v9/tb7/1/16/1f917.png" alt="🤗" width="16" height="16" /></noscript></span></div>
</div>
