{"id":3756,"date":"2024-09-19T20:28:45","date_gmt":"2024-09-19T18:28:45","guid":{"rendered":"https:\/\/mmminterior.hu\/?post_type=product&#038;p=3756"},"modified":"2025-01-03T22:05:50","modified_gmt":"2025-01-03T20:05:50","slug":"bmw-e36-m3-sedan-usa","status":"publish","type":"product","link":"https:\/\/mmminterior.hu\/en\/referenciak\/bmw-e36-m3-sedan-usa\/","title":{"rendered":"BMW E36 M3 SEDAN &#8211; USA"},"content":{"rendered":"<p>Az amerikai naps\u00fct\u00e9s igen komolyan megt\u00e9p\u00e1zta az M3 utaster\u00e9t, \u00edgy csak egy teljes \u00fajrab\u0151r\u00f6z\u00e9s \u00e9s egyben a teljes fel\u00faj\u00edt\u00e1s seg\u00edthetett. \u00daj tet\u0151k\u00e1rpit, kalaptart\u00f3, ajt\u00f3k\u00e1rpit bet\u00e9tek, \u00fcl\u00e9sek \u00e9s korm\u00e1nyb\u0151r\u00f6z\u00e9s ut\u00e1n szinte \u00fajj\u00e1sz\u00fcletett ez a legend\u00e1s akkori cs\u00facsmodell. A gy\u00e1rilag is Modena nappab\u0151rrel szerelt utast\u00e9r kifejezetten j\u00f3l \u00e1ll az alpinweiss f\u00e9nyez\u00e9s\u0171 sedannak. Ebben az \u00e1llapot\u00e1ban pedig igazi kuri\u00f3zum.<\/p>\n","protected":false},"excerpt":{"rendered":"<p>Az amerikai naps\u00fct\u00e9s igen komolyan megt\u00e9p\u00e1zta az M3 utaster\u00e9t, \u00edgy csak egy teljes \u00fajrab\u0151r\u00f6z\u00e9s \u00e9s egyben a teljes fel\u00faj\u00edt\u00e1s seg\u00edthetett. \u00daj tet\u0151k\u00e1rpit, kalaptart\u00f3, ajt\u00f3k\u00e1rpit bet\u00e9tek, \u00fcl\u00e9sek \u00e9s korm\u00e1nyb\u0151r\u00f6z\u00e9s ut\u00e1n szinte \u00fajj\u00e1sz\u00fcletett ez a legend\u00e1s akkori cs\u00facsmodell. A gy\u00e1rilag is Modena nappab\u0151rrel szerelt utast\u00e9r kifejezetten j\u00f3l \u00e1ll az alpinweiss f\u00e9nyez\u00e9s\u0171 sedannak, ebben az \u00e1llapot\u00e1ban pedig igazi kuri\u00f3zum.<\/p>\n","protected":false},"featured_media":3763,"comment_status":"open","ping_status":"closed","template":"","meta":{"_acf_changed":false,"_monsterinsights_skip_tracking":false,"_monsterinsights_sitenote_active":false,"_monsterinsights_sitenote_note":"","_monsterinsights_sitenote_category":0},"marka":[67,71],"product_cat":[39],"product_tag":[],"class_list":{"0":"post-3756","1":"product","2":"type-product","3":"status-publish","4":"has-post-thumbnail","6":"marka-bmw","7":"marka-e36","8":"product_cat-egyeb","10":"first","11":"instock","12":"shipping-taxable","13":"product-type-simple"},"acf":[],"_links":{"self":[{"href":"https:\/\/mmminterior.hu\/en\/wp-json\/wp\/v2\/product\/3756","targetHints":{"allow":["GET"]}}],"collection":[{"href":"https:\/\/mmminterior.hu\/en\/wp-json\/wp\/v2\/product"}],"about":[{"href":"https:\/\/mmminterior.hu\/en\/wp-json\/wp\/v2\/types\/product"}],"replies":[{"embeddable":true,"href":"https:\/\/mmminterior.hu\/en\/wp-json\/wp\/v2\/comments?post=3756"}],"wp:featuredmedia":[{"embeddable":true,"href":"https:\/\/mmminterior.hu\/en\/wp-json\/wp\/v2\/media\/3763"}],"wp:attachment":[{"href":"https:\/\/mmminterior.hu\/en\/wp-json\/wp\/v2\/media?parent=3756"}],"wp:term":[{"taxonomy":"marka","embeddable":true,"href":"https:\/\/mmminterior.hu\/en\/wp-json\/wp\/v2\/marka?post=3756"},{"taxonomy":"product_cat","embeddable":true,"href":"https:\/\/mmminterior.hu\/en\/wp-json\/wp\/v2\/product_cat?post=3756"},{"taxonomy":"product_tag","embeddable":true,"href":"https:\/\/mmminterior.hu\/en\/wp-json\/wp\/v2\/product_tag?post=3756"}],"curies":[{"name":"wp","href":"https:\/\/api.w.org\/{rel}","templated":true}]}}

<p>Az amerikai napsütés igen komolyan megtépázta az M3 utasterét, így csak egy teljes újrabőrözés és egyben a teljes felújítás segíthetett. Új tetőkárpit, kalaptartó, ajtókárpit betétek, ülések és kormánybőrözés után szinte újjászületett ez a legendás akkori csúcsmodell. A gyárilag is Modena nappabőrrel szerelt utastér kifejezetten jól áll az alpinweiss fényezésű sedannak. Ebben az állapotában pedig igazi kuriózum.</p>

<p>Az amerikai napsütés igen komolyan megtépázta az M3 utasterét, így csak egy teljes újrabőrözés és egyben a teljes felújítás segíthetett. Új tetőkárpit, kalaptartó, ajtókárpit betétek, ülések és kormánybőrözés után szinte újjászületett ez a legendás akkori csúcsmodell. A gyárilag is Modena nappabőrrel szerelt utastér kifejezetten jól áll az alpinweiss fényezésű sedannak, ebben az állapotában pedig igazi kuriózum.</p>
