{"id":4075,"date":"2025-01-03T20:17:09","date_gmt":"2025-01-03T18:17:09","guid":{"rendered":"https:\/\/mmminterior.hu\/?post_type=product&#038;p=4075"},"modified":"2025-01-03T20:20:20","modified_gmt":"2025-01-03T18:20:20","slug":"bmw-e36-cabrio-last-edition","status":"publish","type":"product","link":"https:\/\/mmminterior.hu\/en\/referenciak\/bmw-e36-cabrio-last-edition\/","title":{"rendered":"BMW E36 Cabrio &#8211; Last edition"},"content":{"rendered":"","protected":false},"excerpt":{"rendered":"<p>BMW E36 Cabrio &#8211; Last edition<\/p>\n<p>Bal\u00e1zs megkeres\u00e9s\u00e9nek alapja egy teljesen \u00fajszer\u0171 utast\u00e9r el\u00e9r\u00e9se volt. Az abszol\u00fat utols\u00f3 sz\u00e9ri\u00e1s (2000-es gy\u00e1rt\u00e1s\u00fa) Individual Cabrio a tulajdonos r\u00e9gi v\u00e1gya volt. Az aut\u00f3 j\u00f3 kezekben volt eddig is, de az\u00e9rt messze volt az elk\u00e9pzelt \u00fajszer\u0171 \u00e1llapott\u00f3l. A bicolor b\u0151rbels\u0151h\u0151z tudtunk b\u0151rt szerezni, \u00edgy a teljes \u00fajrab\u0151r\u00f6z\u00e9s sor\u00e1n kib\u0151v\u00edtett\u00fck a m\u0171szerfal alj\u00e1ra, a k\u00f6z\u00e9pkonzolra, korm\u00e1nyra. A gy\u00e1ri (m\u00e1r nehezen visszah\u00faz\u00f3d\u00f3) fekete \u00f6veket a Cabrio k\u00fcls\u0151 sz\u00edn\u00e9hez igazodva ez\u00fcstsz\u00fcrk\u00e9re cser\u00e9lt\u00fck \u00e9s emellett minden apr\u00f3 hib\u00e1t, nem m\u0171k\u00f6d\u0151 dolgot, kop\u00e1sokat jav\u00edtottunk. A v\u00e9geredm\u00e9ny egy szinte teljesen \u00fajszer\u0171 utaster\u0171 E36 k\u00e9p\u00e9t adja, a sort a f\u00e9nyez\u00e9s korrekci\u00f3ja fogja z\u00e1rni.<\/p>\n","protected":false},"featured_media":4076,"comment_status":"open","ping_status":"closed","template":"","meta":{"_acf_changed":false,"_monsterinsights_skip_tracking":false,"_monsterinsights_sitenote_active":false,"_monsterinsights_sitenote_note":"","_monsterinsights_sitenote_category":0},"marka":[67,71],"product_cat":[39],"product_tag":[],"class_list":{"0":"post-4075","1":"product","2":"type-product","3":"status-publish","4":"has-post-thumbnail","6":"marka-bmw","7":"marka-e36","8":"product_cat-egyeb","10":"first","11":"instock","12":"shipping-taxable","13":"product-type-simple"},"acf":[],"_links":{"self":[{"href":"https:\/\/mmminterior.hu\/en\/wp-json\/wp\/v2\/product\/4075","targetHints":{"allow":["GET"]}}],"collection":[{"href":"https:\/\/mmminterior.hu\/en\/wp-json\/wp\/v2\/product"}],"about":[{"href":"https:\/\/mmminterior.hu\/en\/wp-json\/wp\/v2\/types\/product"}],"replies":[{"embeddable":true,"href":"https:\/\/mmminterior.hu\/en\/wp-json\/wp\/v2\/comments?post=4075"}],"wp:featuredmedia":[{"embeddable":true,"href":"https:\/\/mmminterior.hu\/en\/wp-json\/wp\/v2\/media\/4076"}],"wp:attachment":[{"href":"https:\/\/mmminterior.hu\/en\/wp-json\/wp\/v2\/media?parent=4075"}],"wp:term":[{"taxonomy":"marka","embeddable":true,"href":"https:\/\/mmminterior.hu\/en\/wp-json\/wp\/v2\/marka?post=4075"},{"taxonomy":"product_cat","embeddable":true,"href":"https:\/\/mmminterior.hu\/en\/wp-json\/wp\/v2\/product_cat?post=4075"},{"taxonomy":"product_tag","embeddable":true,"href":"https:\/\/mmminterior.hu\/en\/wp-json\/wp\/v2\/product_tag?post=4075"}],"curies":[{"name":"wp","href":"https:\/\/api.w.org\/{rel}","templated":true}]}}

<p>BMW E36 Cabrio &#8211; Last edition</p>
<p>Balázs megkeresésének alapja egy teljesen újszerű utastér elérése volt. Az abszolút utolsó szériás (2000-es gyártású) Individual Cabrio a tulajdonos régi vágya volt. Az autó jó kezekben volt eddig is, de azért messze volt az elképzelt újszerű állapottól. A bicolor bőrbelsőhőz tudtunk bőrt szerezni, így a teljes újrabőrözés során kibővítettük a műszerfal aljára, a középkonzolra, kormányra. A gyári (már nehezen visszahúzódó) fekete öveket a Cabrio külső színéhez igazodva ezüstszürkére cseréltük és emellett minden apró hibát, nem működő dolgot, kopásokat javítottunk. A végeredmény egy szinte teljesen újszerű utasterű E36 képét adja, a sort a fényezés korrekciója fogja zárni.</p>
