{"id":4699,"date":"2025-01-03T22:36:53","date_gmt":"2025-01-03T20:36:53","guid":{"rendered":"https:\/\/mmminterior.hu\/?post_type=product&#038;p=4699"},"modified":"2025-01-03T22:49:37","modified_gmt":"2025-01-03T20:49:37","slug":"bmw-e46-m3-touring","status":"publish","type":"product","link":"https:\/\/mmminterior.hu\/en\/referenciak\/bmw-e46-m3-touring\/","title":{"rendered":"BMW E46 M3 TOURING"},"content":{"rendered":"","protected":false},"excerpt":{"rendered":"<div class=\"xdj266r x11i5rnm xat24cr x1mh8g0r x1vvkbs x126k92a\">\n<div dir=\"auto\">Nagyon szerencs\u00e9sek vagyunk, mert el\u00e9g sok kiv\u00e9teles BMW fordul meg a m\u0171hely\u00fcnkben, de n\u00e9ha begurul egy-egy igazi unikornis, egy-egy mega ritka p\u00e9ld\u00e1ny.<\/div>\n<\/div>\n<div class=\"x11i5rnm xat24cr x1mh8g0r x1vvkbs xtlvy1s x126k92a\">\n<div dir=\"auto\">Az <span class=\"html-span xdj266r x11i5rnm xat24cr x1mh8g0r xexx8yu x4uap5 x18d9i69 xkhd6sd x1hl2dhg x16tdsg8 x1vvkbs\"><a class=\"x1i10hfl xjbqb8w x1ejq31n xd10rxx x1sy0etr x17r0tee x972fbf xcfux6l x1qhh985 xm0m39n x9f619 x1ypdohk xt0psk2 xe8uvvx xdj266r x11i5rnm xat24cr x1mh8g0r xexx8yu x4uap5 x18d9i69 xkhd6sd x16tdsg8 x1hl2dhg xggy1nq x1a2a7pz x1sur9pj xkrqix3 x1fey0fg x1s688f\" role=\"link\" href=\"https:\/\/www.facebook.com\/M3projekts?__cft__[0]=AZUVh1AjZnf2RSWQsV4esR5bbXXWYRkX-FX2AFpyb-4-BYNditWwKdFB6xkVAmfDLKi3dxk0dUjTw6PInLgoJvrUAQAsKHZtiJTSXGWMo65UE91h-EqNhH-_js5IOrtjfzqt2wtsCY1IxOf_Ok9jOl3Vk3xxKeqr5OgjlRBvmobPOM9JV6azYBSN2Tjc7U09F8I&amp;__tn__=-]K-R\"><span class=\"xt0psk2\">M3projekts<\/span><\/a><\/span>\u00a0 h\u00fazott egy mer\u00e9szet, \u00e9s (nem el\u0151sz\u00f6r) \u00e9p\u00edtett egy E46 M3 Touring-ot. De nem csak a karossz\u00e9ria lett 100%-ban M3, a g\u00e9p motort, teljes hajt\u00e1sl\u00e1ncot, fut\u00f3m\u0171vet, f\u00e9ket \u00e9s abszol\u00fate mindent megkapott ami egy gy\u00e1ri M3-ashoz tartozik. Mindezt olyan min\u0151s\u00e9gben, hogy szem nem marad sz\u00e1razon, csak teljesen fel\u00faj\u00edtott vagy \u00faj alkatr\u00e9sz ker\u00fclt a Touring al\u00e1, a v\u00e9g\u00e9n pedig egy \u00faj f\u00e9nyez\u00e9s z\u00e1rja a sort.<\/div>\n<\/div>\n<div class=\"x11i5rnm xat24cr x1mh8g0r x1vvkbs xtlvy1s x126k92a\">\n<div dir=\"auto\">Hogy legyen egy kis f\u0171szer is az eg\u00e9szben, a vadi\u00faj f\u00e9kek \u00e9s a szint\u00e9n teljesen \u00faj CS kerekek m\u00f6g\u00f6tt egy \u00e1ll\u00edthat\u00f3 magass\u00e1g\u00fa fut\u00f3m\u0171 pihen, de az I-re a pontot a Karbonius \u00e1ltal gy\u00e1rtott carbon airbox teszi fel.<\/div>\n<\/div>\n<div class=\"x11i5rnm xat24cr x1mh8g0r x1vvkbs xtlvy1s x126k92a\">\n<div dir=\"auto\">A mi feladatunk egy \u00faj, gy\u00e1rias M3 nappab\u0151r bels\u0151 l\u00e9trehoz\u00e1sa volt a Touring-ra alak\u00edtva. \u00cdgy az M3 \u00fcl\u00e9sek (h\u00e1tul is M3-as\u00edtva, f\u0171thet\u0151re alak\u00edtva <span class=\"html-span xexx8yu x4uap5 x18d9i69 xkhd6sd x1hl2dhg x16tdsg8 x1vvkbs x3nfvp2 x1j61x8r x1fcty0u xdj266r xat24cr xgzva0m xhhsvwb xxymvpz xlup9mm x1kky2od\"><img decoding=\"async\" class=\"xz74otr lazyload\" data-src=\"https:\/\/static.xx.fbcdn.net\/images\/emoji.php\/v9\/tcd\/1\/16\/1f643.png\" alt=\"\ud83d\ude43\" width=\"16\" height=\"16\" src=\"data:image\/gif;base64,R0lGODlhAQABAAAAACH5BAEKAAEALAAAAAABAAEAAAICTAEAOw==\" style=\"--smush-placeholder-width: 16px; --smush-placeholder-aspect-ratio: 16\/16;\" \/><noscript><img decoding=\"async\" class=\"xz74otr\" src=\"https:\/\/static.xx.fbcdn.net\/images\/emoji.php\/v9\/tcd\/1\/16\/1f643.png\" alt=\"\ud83d\ude43\" width=\"16\" height=\"16\" \/><\/noscript><\/span>), az ajt\u00f3k\u00e1rpitok, korm\u00e1ny, v\u00e1lt\u00f3zs\u00e1k, k\u00f6ny\u00f6kl\u0151 \u00faj lett, az \u00f6sszes soft touch fel\u00fclet fel lett \u00faj\u00edtva \u00e9s emellett minden eleme egy nagyon alapos tiszt\u00edt\u00e1st kapott.<\/div>\n<\/div>\n<div class=\"x11i5rnm xat24cr x1mh8g0r x1vvkbs xtlvy1s x126k92a\">\n<div dir=\"auto\">A v\u00e9geredm\u00e9ny egy gyakorlatilag 0 km-es , egyedi E46 M3 Touring lett, melyb\u0151l anno csak koncepci\u00f3 l\u00e9tezett. \u00c9l\u0151ben iszonyatot mutat a g\u00e9p, nagy k\u00e1r hogy nem volt sorozatgy\u00e1rt\u00e1sban.<\/div>\n<\/div>\n","protected":false},"featured_media":4700,"comment_status":"open","ping_status":"closed","template":"","meta":{"_acf_changed":false,"_monsterinsights_skip_tracking":false,"_monsterinsights_sitenote_active":false,"_monsterinsights_sitenote_note":"","_monsterinsights_sitenote_category":0},"marka":[67,75],"product_cat":[39],"product_tag":[],"class_list":{"0":"post-4699","1":"product","2":"type-product","3":"status-publish","4":"has-post-thumbnail","6":"marka-bmw","7":"marka-e46","8":"product_cat-egyeb","10":"first","11":"instock","12":"shipping-taxable","13":"product-type-simple"},"acf":[],"_links":{"self":[{"href":"https:\/\/mmminterior.hu\/en\/wp-json\/wp\/v2\/product\/4699","targetHints":{"allow":["GET"]}}],"collection":[{"href":"https:\/\/mmminterior.hu\/en\/wp-json\/wp\/v2\/product"}],"about":[{"href":"https:\/\/mmminterior.hu\/en\/wp-json\/wp\/v2\/types\/product"}],"replies":[{"embeddable":true,"href":"https:\/\/mmminterior.hu\/en\/wp-json\/wp\/v2\/comments?post=4699"}],"wp:featuredmedia":[{"embeddable":true,"href":"https:\/\/mmminterior.hu\/en\/wp-json\/wp\/v2\/media\/4700"}],"wp:attachment":[{"href":"https:\/\/mmminterior.hu\/en\/wp-json\/wp\/v2\/media?parent=4699"}],"wp:term":[{"taxonomy":"marka","embeddable":true,"href":"https:\/\/mmminterior.hu\/en\/wp-json\/wp\/v2\/marka?post=4699"},{"taxonomy":"product_cat","embeddable":true,"href":"https:\/\/mmminterior.hu\/en\/wp-json\/wp\/v2\/product_cat?post=4699"},{"taxonomy":"product_tag","embeddable":true,"href":"https:\/\/mmminterior.hu\/en\/wp-json\/wp\/v2\/product_tag?post=4699"}],"curies":[{"name":"wp","href":"https:\/\/api.w.org\/{rel}","templated":true}]}}

<div class="xdj266r x11i5rnm xat24cr x1mh8g0r x1vvkbs x126k92a">
<div dir="auto">Nagyon szerencsések vagyunk, mert elég sok kivételes BMW fordul meg a műhelyünkben, de néha begurul egy-egy igazi unikornis, egy-egy mega ritka példány.</div>
</div>
<div class="x11i5rnm xat24cr x1mh8g0r x1vvkbs xtlvy1s x126k92a">
<div dir="auto">Az <span class="html-span xdj266r x11i5rnm xat24cr x1mh8g0r xexx8yu x4uap5 x18d9i69 xkhd6sd x1hl2dhg x16tdsg8 x1vvkbs"><a class="x1i10hfl xjbqb8w x1ejq31n xd10rxx x1sy0etr x17r0tee x972fbf xcfux6l x1qhh985 xm0m39n x9f619 x1ypdohk xt0psk2 xe8uvvx xdj266r x11i5rnm xat24cr x1mh8g0r xexx8yu x4uap5 x18d9i69 xkhd6sd x16tdsg8 x1hl2dhg xggy1nq x1a2a7pz x1sur9pj xkrqix3 x1fey0fg x1s688f" role="link" href="https://www.facebook.com/M3projekts?__cft__[0]=AZUVh1AjZnf2RSWQsV4esR5bbXXWYRkX-FX2AFpyb-4-BYNditWwKdFB6xkVAmfDLKi3dxk0dUjTw6PInLgoJvrUAQAsKHZtiJTSXGWMo65UE91h-EqNhH-_js5IOrtjfzqt2wtsCY1IxOf_Ok9jOl3Vk3xxKeqr5OgjlRBvmobPOM9JV6azYBSN2Tjc7U09F8I&amp;__tn__=-]K-R"><span class="xt0psk2">M3projekts</span></a></span>  húzott egy merészet, és (nem először) épített egy E46 M3 Touring-ot. De nem csak a karosszéria lett 100%-ban M3, a gép motort, teljes hajtásláncot, futóművet, féket és abszolúte mindent megkapott ami egy gyári M3-ashoz tartozik. Mindezt olyan minőségben, hogy szem nem marad szárazon, csak teljesen felújított vagy új alkatrész került a Touring alá, a végén pedig egy új fényezés zárja a sort.</div>
</div>
<div class="x11i5rnm xat24cr x1mh8g0r x1vvkbs xtlvy1s x126k92a">
<div dir="auto">Hogy legyen egy kis fűszer is az egészben, a vadiúj fékek és a szintén teljesen új CS kerekek mögött egy állítható magasságú futómű pihen, de az I-re a pontot a Karbonius által gyártott carbon airbox teszi fel.</div>
</div>
<div class="x11i5rnm xat24cr x1mh8g0r x1vvkbs xtlvy1s x126k92a">
<div dir="auto">A mi feladatunk egy új, gyárias M3 nappabőr belső létrehozása volt a Touring-ra alakítva. Így az M3 ülések (hátul is M3-asítva, fűthetőre alakítva <span class="html-span xexx8yu x4uap5 x18d9i69 xkhd6sd x1hl2dhg x16tdsg8 x1vvkbs x3nfvp2 x1j61x8r x1fcty0u xdj266r xat24cr xgzva0m xhhsvwb xxymvpz xlup9mm x1kky2od"><img decoding="async" class="xz74otr lazyload" data-src="https://static.xx.fbcdn.net/images/emoji.php/v9/tcd/1/16/1f643.png" alt="🙃" width="16" height="16" src="data:image/gif;base64,R0lGODlhAQABAAAAACH5BAEKAAEALAAAAAABAAEAAAICTAEAOw==" style="--smush-placeholder-width: 16px; --smush-placeholder-aspect-ratio: 16/16;" /><noscript><img decoding="async" class="xz74otr" src="https://static.xx.fbcdn.net/images/emoji.php/v9/tcd/1/16/1f643.png" alt="🙃" width="16" height="16" /></noscript></span>), az ajtókárpitok, kormány, váltózsák, könyöklő új lett, az összes soft touch felület fel lett újítva és emellett minden eleme egy nagyon alapos tisztítást kapott.</div>
</div>
<div class="x11i5rnm xat24cr x1mh8g0r x1vvkbs xtlvy1s x126k92a">
<div dir="auto">A végeredmény egy gyakorlatilag 0 km-es , egyedi E46 M3 Touring lett, melyből anno csak koncepció létezett. Élőben iszonyatot mutat a gép, nagy kár hogy nem volt sorozatgyártásban.</div>
</div>
