{"id":4955,"date":"2025-05-04T16:57:18","date_gmt":"2025-05-04T14:57:18","guid":{"rendered":"https:\/\/mmminterior.hu\/?post_type=product&#038;p=4955"},"modified":"2025-05-04T16:57:18","modified_gmt":"2025-05-04T14:57:18","slug":"porsche-992-turbo-s","status":"publish","type":"product","link":"https:\/\/mmminterior.hu\/en\/referenciak\/porsche-992-turbo-s\/","title":{"rendered":"Porsche 992 Turbo S"},"content":{"rendered":"<div class=\"x11i5rnm xat24cr x1mh8g0r x1vvkbs xtlvy1s x126k92a\">\n<div dir=\"auto\">T\u00f6bb h\u00f3napnyi egyeztet\u00e9s ut\u00e1n kezdt\u00fcnk neki az utast\u00e9r \u00e1talak\u00edt\u00e1s\u00e1nak, a tulajdonossal egy\u00fctt rengeteg \u00f6tletb\u0151l \u00e9s vari\u00e1ci\u00f3b\u00f3l raktuk \u00f6ssze a v\u00e9gs\u0151 v\u00e1ltozatot.<\/div>\n<\/div>\n<div class=\"x11i5rnm xat24cr x1mh8g0r x1vvkbs xtlvy1s x126k92a\">\n<div dir=\"auto\">Rubin alcantara, teljesen \u00faj b\u0151r\u00f6z\u00e9s, l\u00e9zergrav\u00edroz\u00e1s , feket\u00e9re f\u00e9nyezett (gy\u00e1rilag sz\u00fcrke) bet\u00e9tek, extra hangszigetel\u00e9s, a m\u0171anyag fel\u00fcletek alcantar\u00e1val t\u00f6rt\u00e9n\u0151 beh\u00faz\u00e1sa jellemzi az \u00faj utasteret, ami a sportoss\u00e1got vegy\u00edti az eleganci\u00e1val. <span class=\"html-span xexx8yu x4uap5 x18d9i69 xkhd6sd x1hl2dhg x16tdsg8 x1vvkbs x3nfvp2 x1j61x8r x1fcty0u xdj266r xat24cr xgzva0m xhhsvwb xxymvpz xlup9mm x1kky2od\"><img decoding=\"async\" class=\"xz74otr x168nmei x13lgxp2 x5pf9jr xo71vjh lazyload\" data-src=\"https:\/\/static.xx.fbcdn.net\/images\/emoji.php\/v9\/t7b\/1\/16\/1f44c.png\" alt=\"\ud83d\udc4c\" width=\"16\" height=\"16\" src=\"data:image\/gif;base64,R0lGODlhAQABAAAAACH5BAEKAAEALAAAAAABAAEAAAICTAEAOw==\" style=\"--smush-placeholder-width: 16px; --smush-placeholder-aspect-ratio: 16\/16;\" \/><noscript><img decoding=\"async\" class=\"xz74otr x168nmei x13lgxp2 x5pf9jr xo71vjh\" src=\"https:\/\/static.xx.fbcdn.net\/images\/emoji.php\/v9\/t7b\/1\/16\/1f44c.png\" alt=\"\ud83d\udc4c\" width=\"16\" height=\"16\" \/><\/noscript><\/span><\/div>\n<\/div>\n<div class=\"x11i5rnm xat24cr x1mh8g0r x1vvkbs xtlvy1s x126k92a\">\n<div dir=\"auto\">Abszol\u00fat egyedi lett, elk\u00e9peszt\u0151 forma \u00e9s technika egy csomagban<span class=\"html-span xexx8yu x4uap5 x18d9i69 xkhd6sd x1hl2dhg x16tdsg8 x1vvkbs x3nfvp2 x1j61x8r x1fcty0u xdj266r xat24cr xgzva0m xhhsvwb xxymvpz xlup9mm x1kky2od\"><img decoding=\"async\" class=\"xz74otr x168nmei x13lgxp2 x5pf9jr xo71vjh lazyload\" data-src=\"https:\/\/static.xx.fbcdn.net\/images\/emoji.php\/v9\/t50\/1\/16\/1f525.png\" alt=\"\ud83d\udd25\" width=\"16\" height=\"16\" src=\"data:image\/gif;base64,R0lGODlhAQABAAAAACH5BAEKAAEALAAAAAABAAEAAAICTAEAOw==\" style=\"--smush-placeholder-width: 16px; --smush-placeholder-aspect-ratio: 16\/16;\" \/><noscript><img decoding=\"async\" class=\"xz74otr x168nmei x13lgxp2 x5pf9jr xo71vjh\" src=\"https:\/\/static.xx.fbcdn.net\/images\/emoji.php\/v9\/t50\/1\/16\/1f525.png\" alt=\"\ud83d\udd25\" width=\"16\" height=\"16\" \/><\/noscript><\/span><\/div>\n<\/div>\n","protected":false},"excerpt":{"rendered":"<div class=\"x11i5rnm xat24cr x1mh8g0r x1vvkbs xtlvy1s x126k92a\">\n<div dir=\"auto\">T\u00f6bb h\u00f3napnyi egyeztet\u00e9s ut\u00e1n kezdt\u00fcnk neki az utast\u00e9r \u00e1talak\u00edt\u00e1s\u00e1nak, a tulajdonossal egy\u00fctt rengeteg \u00f6tletb\u0151l \u00e9s vari\u00e1ci\u00f3b\u00f3l raktuk \u00f6ssze a v\u00e9gs\u0151 v\u00e1ltozatot.<\/div>\n<\/div>\n<div class=\"x11i5rnm xat24cr x1mh8g0r x1vvkbs xtlvy1s x126k92a\">\n<div dir=\"auto\">Rubin alcantara, teljesen \u00faj b\u0151r\u00f6z\u00e9s, l\u00e9zergrav\u00edroz\u00e1s , feket\u00e9re f\u00e9nyezett (gy\u00e1rilag sz\u00fcrke) bet\u00e9tek, extra hangszigetel\u00e9s, a m\u0171anyag fel\u00fcletek alcantar\u00e1val t\u00f6rt\u00e9n\u0151 beh\u00faz\u00e1sa jellemzi az \u00faj utasteret, ami a sportoss\u00e1got vegy\u00edti az eleganci\u00e1val. <span class=\"html-span xexx8yu x4uap5 x18d9i69 xkhd6sd x1hl2dhg x16tdsg8 x1vvkbs x3nfvp2 x1j61x8r x1fcty0u xdj266r xat24cr xgzva0m xhhsvwb xxymvpz xlup9mm x1kky2od\"><img decoding=\"async\" class=\"xz74otr x168nmei x13lgxp2 x5pf9jr xo71vjh lazyload\" data-src=\"https:\/\/static.xx.fbcdn.net\/images\/emoji.php\/v9\/t7b\/1\/16\/1f44c.png\" alt=\"\ud83d\udc4c\" width=\"16\" height=\"16\" src=\"data:image\/gif;base64,R0lGODlhAQABAAAAACH5BAEKAAEALAAAAAABAAEAAAICTAEAOw==\" style=\"--smush-placeholder-width: 16px; --smush-placeholder-aspect-ratio: 16\/16;\" \/><noscript><img decoding=\"async\" class=\"xz74otr x168nmei x13lgxp2 x5pf9jr xo71vjh\" src=\"https:\/\/static.xx.fbcdn.net\/images\/emoji.php\/v9\/t7b\/1\/16\/1f44c.png\" alt=\"\ud83d\udc4c\" width=\"16\" height=\"16\" \/><\/noscript><\/span><\/div>\n<\/div>\n<div class=\"x11i5rnm xat24cr x1mh8g0r x1vvkbs xtlvy1s x126k92a\">\n<div dir=\"auto\">Abszol\u00fat egyedi lett, elk\u00e9peszt\u0151 forma \u00e9s technika egy csomagban!<\/div>\n<\/div>\n","protected":false},"featured_media":4898,"comment_status":"open","ping_status":"closed","template":"","meta":{"_acf_changed":false,"_monsterinsights_skip_tracking":false,"_monsterinsights_sitenote_active":false,"_monsterinsights_sitenote_note":"","_monsterinsights_sitenote_category":0},"marka":[77,68],"product_cat":[39],"product_tag":[],"class_list":{"0":"post-4955","1":"product","2":"type-product","3":"status-publish","4":"has-post-thumbnail","6":"marka-77","7":"marka-porsche","8":"product_cat-egyeb","10":"first","11":"instock","12":"shipping-taxable","13":"product-type-simple"},"acf":[],"_links":{"self":[{"href":"https:\/\/mmminterior.hu\/en\/wp-json\/wp\/v2\/product\/4955","targetHints":{"allow":["GET"]}}],"collection":[{"href":"https:\/\/mmminterior.hu\/en\/wp-json\/wp\/v2\/product"}],"about":[{"href":"https:\/\/mmminterior.hu\/en\/wp-json\/wp\/v2\/types\/product"}],"replies":[{"embeddable":true,"href":"https:\/\/mmminterior.hu\/en\/wp-json\/wp\/v2\/comments?post=4955"}],"wp:featuredmedia":[{"embeddable":true,"href":"https:\/\/mmminterior.hu\/en\/wp-json\/wp\/v2\/media\/4898"}],"wp:attachment":[{"href":"https:\/\/mmminterior.hu\/en\/wp-json\/wp\/v2\/media?parent=4955"}],"wp:term":[{"taxonomy":"marka","embeddable":true,"href":"https:\/\/mmminterior.hu\/en\/wp-json\/wp\/v2\/marka?post=4955"},{"taxonomy":"product_cat","embeddable":true,"href":"https:\/\/mmminterior.hu\/en\/wp-json\/wp\/v2\/product_cat?post=4955"},{"taxonomy":"product_tag","embeddable":true,"href":"https:\/\/mmminterior.hu\/en\/wp-json\/wp\/v2\/product_tag?post=4955"}],"curies":[{"name":"wp","href":"https:\/\/api.w.org\/{rel}","templated":true}]}}

<div class="x11i5rnm xat24cr x1mh8g0r x1vvkbs xtlvy1s x126k92a">
<div dir="auto">Több hónapnyi egyeztetés után kezdtünk neki az utastér átalakításának, a tulajdonossal együtt rengeteg ötletből és variációból raktuk össze a végső változatot.</div>
</div>
<div class="x11i5rnm xat24cr x1mh8g0r x1vvkbs xtlvy1s x126k92a">
<div dir="auto">Rubin alcantara, teljesen új bőrözés, lézergravírozás , feketére fényezett (gyárilag szürke) betétek, extra hangszigetelés, a műanyag felületek alcantarával történő behúzása jellemzi az új utasteret, ami a sportosságot vegyíti az eleganciával. <span class="html-span xexx8yu x4uap5 x18d9i69 xkhd6sd x1hl2dhg x16tdsg8 x1vvkbs x3nfvp2 x1j61x8r x1fcty0u xdj266r xat24cr xgzva0m xhhsvwb xxymvpz xlup9mm x1kky2od"><img decoding="async" class="xz74otr x168nmei x13lgxp2 x5pf9jr xo71vjh lazyload" data-src="https://static.xx.fbcdn.net/images/emoji.php/v9/t7b/1/16/1f44c.png" alt="👌" width="16" height="16" src="data:image/gif;base64,R0lGODlhAQABAAAAACH5BAEKAAEALAAAAAABAAEAAAICTAEAOw==" style="--smush-placeholder-width: 16px; --smush-placeholder-aspect-ratio: 16/16;" /><noscript><img decoding="async" class="xz74otr x168nmei x13lgxp2 x5pf9jr xo71vjh" src="https://static.xx.fbcdn.net/images/emoji.php/v9/t7b/1/16/1f44c.png" alt="👌" width="16" height="16" /></noscript></span></div>
</div>
<div class="x11i5rnm xat24cr x1mh8g0r x1vvkbs xtlvy1s x126k92a">
<div dir="auto">Abszolút egyedi lett, elképesztő forma és technika egy csomagban<span class="html-span xexx8yu x4uap5 x18d9i69 xkhd6sd x1hl2dhg x16tdsg8 x1vvkbs x3nfvp2 x1j61x8r x1fcty0u xdj266r xat24cr xgzva0m xhhsvwb xxymvpz xlup9mm x1kky2od"><img decoding="async" class="xz74otr x168nmei x13lgxp2 x5pf9jr xo71vjh lazyload" data-src="https://static.xx.fbcdn.net/images/emoji.php/v9/t50/1/16/1f525.png" alt="🔥" width="16" height="16" src="data:image/gif;base64,R0lGODlhAQABAAAAACH5BAEKAAEALAAAAAABAAEAAAICTAEAOw==" style="--smush-placeholder-width: 16px; --smush-placeholder-aspect-ratio: 16/16;" /><noscript><img decoding="async" class="xz74otr x168nmei x13lgxp2 x5pf9jr xo71vjh" src="https://static.xx.fbcdn.net/images/emoji.php/v9/t50/1/16/1f525.png" alt="🔥" width="16" height="16" /></noscript></span></div>
</div>

<div class="x11i5rnm xat24cr x1mh8g0r x1vvkbs xtlvy1s x126k92a">
<div dir="auto">Több hónapnyi egyeztetés után kezdtünk neki az utastér átalakításának, a tulajdonossal együtt rengeteg ötletből és variációból raktuk össze a végső változatot.</div>
</div>
<div class="x11i5rnm xat24cr x1mh8g0r x1vvkbs xtlvy1s x126k92a">
<div dir="auto">Rubin alcantara, teljesen új bőrözés, lézergravírozás , feketére fényezett (gyárilag szürke) betétek, extra hangszigetelés, a műanyag felületek alcantarával történő behúzása jellemzi az új utasteret, ami a sportosságot vegyíti az eleganciával. <span class="html-span xexx8yu x4uap5 x18d9i69 xkhd6sd x1hl2dhg x16tdsg8 x1vvkbs x3nfvp2 x1j61x8r x1fcty0u xdj266r xat24cr xgzva0m xhhsvwb xxymvpz xlup9mm x1kky2od"><img decoding="async" class="xz74otr x168nmei x13lgxp2 x5pf9jr xo71vjh lazyload" data-src="https://static.xx.fbcdn.net/images/emoji.php/v9/t7b/1/16/1f44c.png" alt="👌" width="16" height="16" src="data:image/gif;base64,R0lGODlhAQABAAAAACH5BAEKAAEALAAAAAABAAEAAAICTAEAOw==" style="--smush-placeholder-width: 16px; --smush-placeholder-aspect-ratio: 16/16;" /><noscript><img decoding="async" class="xz74otr x168nmei x13lgxp2 x5pf9jr xo71vjh" src="https://static.xx.fbcdn.net/images/emoji.php/v9/t7b/1/16/1f44c.png" alt="👌" width="16" height="16" /></noscript></span></div>
</div>
<div class="x11i5rnm xat24cr x1mh8g0r x1vvkbs xtlvy1s x126k92a">
<div dir="auto">Abszolút egyedi lett, elképesztő forma és technika egy csomagban!</div>
</div>
