{"id":4971,"date":"2025-05-04T17:33:15","date_gmt":"2025-05-04T15:33:15","guid":{"rendered":"https:\/\/mmminterior.hu\/?post_type=product&#038;p=4971"},"modified":"2025-05-04T17:33:16","modified_gmt":"2025-05-04T15:33:16","slug":"bmw-e46-sedan-m3-zimt","status":"publish","type":"product","link":"https:\/\/mmminterior.hu\/en\/referenciak\/bmw-e46-sedan-m3-zimt\/","title":{"rendered":"BMW E46 Sedan &#8211; M3 Zimt"},"content":{"rendered":"","protected":false},"excerpt":{"rendered":"<div class=\"xdj266r x11i5rnm xat24cr x1mh8g0r x1vvkbs x126k92a\">\n<div dir=\"auto\">BMW E46 SEDAN &#8211; nem csak a hathengeresek\u00e9 a vil\u00e1g <span class=\"html-span xexx8yu x4uap5 x18d9i69 xkhd6sd x1hl2dhg x16tdsg8 x1vvkbs x3nfvp2 x1j61x8r x1fcty0u xdj266r xat24cr xgzva0m xhhsvwb xxymvpz xlup9mm x1kky2od\"><img decoding=\"async\" class=\"xz74otr x168nmei x13lgxp2 x5pf9jr xo71vjh lazyload\" data-src=\"https:\/\/static.xx.fbcdn.net\/images\/emoji.php\/v9\/tcd\/1\/16\/1f643.png\" alt=\"\ud83d\ude43\" width=\"16\" height=\"16\" src=\"data:image\/gif;base64,R0lGODlhAQABAAAAACH5BAEKAAEALAAAAAABAAEAAAICTAEAOw==\" style=\"--smush-placeholder-width: 16px; --smush-placeholder-aspect-ratio: 16\/16;\" \/><noscript><img decoding=\"async\" class=\"xz74otr x168nmei x13lgxp2 x5pf9jr xo71vjh\" src=\"https:\/\/static.xx.fbcdn.net\/images\/emoji.php\/v9\/tcd\/1\/16\/1f643.png\" alt=\"\ud83d\ude43\" width=\"16\" height=\"16\" \/><\/noscript><\/span><\/div>\n<\/div>\n<div class=\"x11i5rnm xat24cr x1mh8g0r x1vvkbs xtlvy1s x126k92a\">\n<div dir=\"auto\"><\/div>\n<\/div>\n<div class=\"x11i5rnm xat24cr x1mh8g0r x1vvkbs xtlvy1s x126k92a\">\n<div dir=\"auto\">Az aut\u00f3 gy\u00e1rilag sz\u00f6vet bels\u0151vel , 4 hengeres motorral \u00e9s alap \u00fcl\u00e9sekkel hagyta el a fut\u00f3szalagot, a tulajdonos v\u00e1gya azonban egy fah\u00e9j sz\u00edn\u0171 (M3-ban is haszn\u00e1lt) nappab\u0151r\u00f6s utast\u00e9r volt.<\/div>\n<\/div>\n<div class=\"x11i5rnm xat24cr x1mh8g0r x1vvkbs xtlvy1s x126k92a\">\n<div dir=\"auto\">Igy a k\u00e9r\u00e9s\u00e9nek eleget t\u00e9ve, a gy\u00e1ri \u00fcl\u00e9sek hely\u00e9t combt\u00e1maszos sport\u00fcl\u00e9sek vett\u00e9k \u00e1t, azonban m\u00e1r \u00fajrab\u0151r\u00f6zve, f\u0171t\u00e9ssel ell\u00e1tva. Az ut\u00f3lagos carbon d\u00edszl\u00e9cek m\u00e1r az aut\u00f3 r\u00e9sz\u00e9t k\u00e9pezt\u00e9k, \u00edgy azonban sokkal jobban kieg\u00e9sz\u00edti a fah\u00e9j sz\u00edn\u0171 bels\u0151t. A gy\u00e1ri fekete \u00f6veket barn\u00e1ra cser\u00e9lt\u00fck, emellett lett az \u00f6sszes soft touch fel\u00fcletet fel\u00faj\u00edtottuk a teljes \u00fajrab\u0151r\u00f6z\u00e9s mellett, mely az ajt\u00f3k\u00e1rpitokon k\u00edv\u00fcl, a k\u00f6ny\u00f6kl\u0151t, korm\u00e1nyt \u00e9s zs\u00e1kokat is \u00e9rintette. K\u00f6rbe M-es bel\u00e9p\u0151k \u00e9s \u00faj oszloptakar\u00f3k is beszerel\u00e9sre ker\u00fcltek.<\/div>\n<\/div>\n<div class=\"x11i5rnm xat24cr x1mh8g0r x1vvkbs xtlvy1s x126k92a\">\n<div dir=\"auto\">Az \u00faj nappab\u0151r illata az aut\u00f3ban le\u00edrhatatlan, ez m\u00e9g pluszban emeli a szinte teljesen \u00fajszer\u0171 utast\u00e9r hangulat\u00e1t.<\/div>\n<\/div>\n","protected":false},"featured_media":4972,"comment_status":"open","ping_status":"closed","template":"","meta":{"_acf_changed":false,"_monsterinsights_skip_tracking":false,"_monsterinsights_sitenote_active":false,"_monsterinsights_sitenote_note":"","_monsterinsights_sitenote_category":0},"marka":[67,75],"product_cat":[39],"product_tag":[],"class_list":{"0":"post-4971","1":"product","2":"type-product","3":"status-publish","4":"has-post-thumbnail","6":"marka-bmw","7":"marka-e46","8":"product_cat-egyeb","10":"first","11":"instock","12":"shipping-taxable","13":"product-type-simple"},"acf":[],"_links":{"self":[{"href":"https:\/\/mmminterior.hu\/en\/wp-json\/wp\/v2\/product\/4971","targetHints":{"allow":["GET"]}}],"collection":[{"href":"https:\/\/mmminterior.hu\/en\/wp-json\/wp\/v2\/product"}],"about":[{"href":"https:\/\/mmminterior.hu\/en\/wp-json\/wp\/v2\/types\/product"}],"replies":[{"embeddable":true,"href":"https:\/\/mmminterior.hu\/en\/wp-json\/wp\/v2\/comments?post=4971"}],"wp:featuredmedia":[{"embeddable":true,"href":"https:\/\/mmminterior.hu\/en\/wp-json\/wp\/v2\/media\/4972"}],"wp:attachment":[{"href":"https:\/\/mmminterior.hu\/en\/wp-json\/wp\/v2\/media?parent=4971"}],"wp:term":[{"taxonomy":"marka","embeddable":true,"href":"https:\/\/mmminterior.hu\/en\/wp-json\/wp\/v2\/marka?post=4971"},{"taxonomy":"product_cat","embeddable":true,"href":"https:\/\/mmminterior.hu\/en\/wp-json\/wp\/v2\/product_cat?post=4971"},{"taxonomy":"product_tag","embeddable":true,"href":"https:\/\/mmminterior.hu\/en\/wp-json\/wp\/v2\/product_tag?post=4971"}],"curies":[{"name":"wp","href":"https:\/\/api.w.org\/{rel}","templated":true}]}}

<div class="xdj266r x11i5rnm xat24cr x1mh8g0r x1vvkbs x126k92a">
<div dir="auto">BMW E46 SEDAN &#8211; nem csak a hathengereseké a világ <span class="html-span xexx8yu x4uap5 x18d9i69 xkhd6sd x1hl2dhg x16tdsg8 x1vvkbs x3nfvp2 x1j61x8r x1fcty0u xdj266r xat24cr xgzva0m xhhsvwb xxymvpz xlup9mm x1kky2od"><img decoding="async" class="xz74otr x168nmei x13lgxp2 x5pf9jr xo71vjh lazyload" data-src="https://static.xx.fbcdn.net/images/emoji.php/v9/tcd/1/16/1f643.png" alt="🙃" width="16" height="16" src="data:image/gif;base64,R0lGODlhAQABAAAAACH5BAEKAAEALAAAAAABAAEAAAICTAEAOw==" style="--smush-placeholder-width: 16px; --smush-placeholder-aspect-ratio: 16/16;" /><noscript><img decoding="async" class="xz74otr x168nmei x13lgxp2 x5pf9jr xo71vjh" src="https://static.xx.fbcdn.net/images/emoji.php/v9/tcd/1/16/1f643.png" alt="🙃" width="16" height="16" /></noscript></span></div>
</div>
<div class="x11i5rnm xat24cr x1mh8g0r x1vvkbs xtlvy1s x126k92a">
<div dir="auto"></div>
</div>
<div class="x11i5rnm xat24cr x1mh8g0r x1vvkbs xtlvy1s x126k92a">
<div dir="auto">Az autó gyárilag szövet belsővel , 4 hengeres motorral és alap ülésekkel hagyta el a futószalagot, a tulajdonos vágya azonban egy fahéj színű (M3-ban is használt) nappabőrös utastér volt.</div>
</div>
<div class="x11i5rnm xat24cr x1mh8g0r x1vvkbs xtlvy1s x126k92a">
<div dir="auto">Igy a kérésének eleget téve, a gyári ülések helyét combtámaszos sportülések vették át, azonban már újrabőrözve, fűtéssel ellátva. Az utólagos carbon díszlécek már az autó részét képezték, így azonban sokkal jobban kiegészíti a fahéj színű belsőt. A gyári fekete öveket barnára cseréltük, emellett lett az összes soft touch felületet felújítottuk a teljes újrabőrözés mellett, mely az ajtókárpitokon kívül, a könyöklőt, kormányt és zsákokat is érintette. Körbe M-es belépők és új oszloptakarók is beszerelésre kerültek.</div>
</div>
<div class="x11i5rnm xat24cr x1mh8g0r x1vvkbs xtlvy1s x126k92a">
<div dir="auto">Az új nappabőr illata az autóban leírhatatlan, ez még pluszban emeli a szinte teljesen újszerű utastér hangulatát.</div>
</div>
