{"id":5032,"date":"2025-05-04T17:49:05","date_gmt":"2025-05-04T15:49:05","guid":{"rendered":"https:\/\/mmminterior.hu\/?post_type=product&#038;p=5032"},"modified":"2025-05-04T17:50:19","modified_gmt":"2025-05-04T15:50:19","slug":"ferrari-f355","status":"publish","type":"product","link":"https:\/\/mmminterior.hu\/en\/referenciak\/ferrari-f355\/","title":{"rendered":"Ferrari F355 Roma"},"content":{"rendered":"","protected":false},"excerpt":{"rendered":"<div class=\"xdj266r x11i5rnm xat24cr x1mh8g0r x1vvkbs x126k92a\">\n<div dir=\"auto\">Ferrari F355<\/div>\n<\/div>\n<div class=\"x11i5rnm xat24cr x1mh8g0r x1vvkbs xtlvy1s x126k92a\">\n<div dir=\"auto\">A 90-es \u00e9vek egyik ikonikus Ferrari-ja j\u00e1rt a m\u0171hely\u00fcnkben. Kompakt, vad \u00e9s eszm\u00e9letlen vezet\u00e9si \u00e9lm\u00e9nyt ny\u00fajt.<\/div>\n<\/div>\n<div class=\"x11i5rnm xat24cr x1mh8g0r x1vvkbs xtlvy1s x126k92a\">\n<div dir=\"auto\">Az egyenesen R\u00f3m\u00e1b\u00f3l \u00e9rkez\u0151 olasz g\u00e9p eg\u00e9szen megk\u00edm\u00e9lt \u00e1llapotban volt, \u00edgy a feladatunk a t\u00f6k\u00e9letes\u00edt\u00e9s volt, hogy h\u0171en t\u00fckr\u00f6zze a 38e km-es fut\u00e1steljes\u00edtm\u00e9nyt.<\/div>\n<\/div>\n<div dir=\"auto\">Sok apr\u00f3 hiba (kop\u00e1sok, karcol\u00e1sok) megsz\u00fcntet\u00e9se mellett egy teljes tiszt\u00edt\u00e1s, \u00fcl\u00e9sszivacsoz\u00e1s \u00e9s a biztons\u00e1gi \u00f6vek cser\u00e9je tette ism\u00e9t \u00fajszer\u0171v\u00e9 az olasz k\u00e9t\u00fcl\u00e9sest.<\/div>\n","protected":false},"featured_media":5033,"comment_status":"open","ping_status":"closed","template":"","meta":{"_acf_changed":false,"_monsterinsights_skip_tracking":false,"_monsterinsights_sitenote_active":false,"_monsterinsights_sitenote_note":"","_monsterinsights_sitenote_category":0},"marka":[84],"product_cat":[39],"product_tag":[],"class_list":{"0":"post-5032","1":"product","2":"type-product","3":"status-publish","4":"has-post-thumbnail","6":"marka-ferrari","7":"product_cat-egyeb","9":"first","10":"instock","11":"shipping-taxable","12":"product-type-simple"},"acf":[],"_links":{"self":[{"href":"https:\/\/mmminterior.hu\/en\/wp-json\/wp\/v2\/product\/5032","targetHints":{"allow":["GET"]}}],"collection":[{"href":"https:\/\/mmminterior.hu\/en\/wp-json\/wp\/v2\/product"}],"about":[{"href":"https:\/\/mmminterior.hu\/en\/wp-json\/wp\/v2\/types\/product"}],"replies":[{"embeddable":true,"href":"https:\/\/mmminterior.hu\/en\/wp-json\/wp\/v2\/comments?post=5032"}],"wp:featuredmedia":[{"embeddable":true,"href":"https:\/\/mmminterior.hu\/en\/wp-json\/wp\/v2\/media\/5033"}],"wp:attachment":[{"href":"https:\/\/mmminterior.hu\/en\/wp-json\/wp\/v2\/media?parent=5032"}],"wp:term":[{"taxonomy":"marka","embeddable":true,"href":"https:\/\/mmminterior.hu\/en\/wp-json\/wp\/v2\/marka?post=5032"},{"taxonomy":"product_cat","embeddable":true,"href":"https:\/\/mmminterior.hu\/en\/wp-json\/wp\/v2\/product_cat?post=5032"},{"taxonomy":"product_tag","embeddable":true,"href":"https:\/\/mmminterior.hu\/en\/wp-json\/wp\/v2\/product_tag?post=5032"}],"curies":[{"name":"wp","href":"https:\/\/api.w.org\/{rel}","templated":true}]}}

<div class="xdj266r x11i5rnm xat24cr x1mh8g0r x1vvkbs x126k92a">
<div dir="auto">Ferrari F355</div>
</div>
<div class="x11i5rnm xat24cr x1mh8g0r x1vvkbs xtlvy1s x126k92a">
<div dir="auto">A 90-es évek egyik ikonikus Ferrari-ja járt a műhelyünkben. Kompakt, vad és eszméletlen vezetési élményt nyújt.</div>
</div>
<div class="x11i5rnm xat24cr x1mh8g0r x1vvkbs xtlvy1s x126k92a">
<div dir="auto">Az egyenesen Rómából érkező olasz gép egészen megkímélt állapotban volt, így a feladatunk a tökéletesítés volt, hogy hűen tükrözze a 38e km-es futásteljesítményt.</div>
</div>
<div dir="auto">Sok apró hiba (kopások, karcolások) megszüntetése mellett egy teljes tisztítás, ülésszivacsozás és a biztonsági övek cseréje tette ismét újszerűvé az olasz kétülésest.</div>
