{"id":5172,"date":"2025-07-15T21:13:00","date_gmt":"2025-07-15T19:13:00","guid":{"rendered":"https:\/\/mmminterior.hu\/?post_type=product&#038;p=5172"},"modified":"2025-07-15T21:13:01","modified_gmt":"2025-07-15T19:13:01","slug":"aston-martin-db9","status":"publish","type":"product","link":"https:\/\/mmminterior.hu\/en\/referenciak\/aston-martin-db9\/","title":{"rendered":"ASTON MARTIN DB9"},"content":{"rendered":"","protected":false},"excerpt":{"rendered":"<p>Ritk\u00e1n ker\u00fcl a kezeink k\u00f6z\u00e9 egy-egy angol manufakt\u00far\u00e1ban gy\u00e1rtott modell, viszont sz\u00edvesen fogadtuk el a felk\u00e9r\u00e9st. Ez az Aston Martin DB9 eredetileg k\u00e9k b\u0151rbels\u0151vel g\u00f6rd\u00fclt le a gy\u00e1rt\u00f3sorr\u00f3l, a tulajdonosa viszont valami igaz\u00e1n egyedit szeretett volna: letisztult, eleg\u00e1ns \u00e9s nappab\u0151r utasteret. Mindenhol. Az aut\u00f3 teljes bels\u0151 ter\u00e9t darabjaira szedt\u00fck, \u00e9s minden elemet \u00fajrab\u0151r\u00f6zt\u00fcnk, Opalweiss nappab\u0151rrel. A kor\u00e1bban f\u00e9nyezett fel\u00fcleteket alcantara v\u00e1ltotta fel, hogy \u00edgy m\u00e9g egys\u00e9gesebb \u00e9s eleg\u00e1nsabb legyen. Ez nem csak egy egyszer\u0171 \u00e1th\u00faz\u00e1s volt \u2013 szinte egy m\u00e1sik aut\u00f3t adtunk vissza \ud83e\udd17<\/p>\n","protected":false},"featured_media":5173,"comment_status":"open","ping_status":"closed","template":"","meta":{"_acf_changed":false,"_monsterinsights_skip_tracking":false,"_monsterinsights_sitenote_active":false,"_monsterinsights_sitenote_note":"","_monsterinsights_sitenote_category":0},"marka":[88],"product_cat":[39],"product_tag":[],"class_list":{"0":"post-5172","1":"product","2":"type-product","3":"status-publish","4":"has-post-thumbnail","6":"marka-aston-martin","7":"product_cat-egyeb","9":"first","10":"instock","11":"shipping-taxable","12":"product-type-simple"},"acf":[],"_links":{"self":[{"href":"https:\/\/mmminterior.hu\/en\/wp-json\/wp\/v2\/product\/5172","targetHints":{"allow":["GET"]}}],"collection":[{"href":"https:\/\/mmminterior.hu\/en\/wp-json\/wp\/v2\/product"}],"about":[{"href":"https:\/\/mmminterior.hu\/en\/wp-json\/wp\/v2\/types\/product"}],"replies":[{"embeddable":true,"href":"https:\/\/mmminterior.hu\/en\/wp-json\/wp\/v2\/comments?post=5172"}],"wp:featuredmedia":[{"embeddable":true,"href":"https:\/\/mmminterior.hu\/en\/wp-json\/wp\/v2\/media\/5173"}],"wp:attachment":[{"href":"https:\/\/mmminterior.hu\/en\/wp-json\/wp\/v2\/media?parent=5172"}],"wp:term":[{"taxonomy":"marka","embeddable":true,"href":"https:\/\/mmminterior.hu\/en\/wp-json\/wp\/v2\/marka?post=5172"},{"taxonomy":"product_cat","embeddable":true,"href":"https:\/\/mmminterior.hu\/en\/wp-json\/wp\/v2\/product_cat?post=5172"},{"taxonomy":"product_tag","embeddable":true,"href":"https:\/\/mmminterior.hu\/en\/wp-json\/wp\/v2\/product_tag?post=5172"}],"curies":[{"name":"wp","href":"https:\/\/api.w.org\/{rel}","templated":true}]}}

<p>Ritkán kerül a kezeink közé egy-egy angol manufaktúrában gyártott modell, viszont szívesen fogadtuk el a felkérést. Ez az Aston Martin DB9 eredetileg kék bőrbelsővel gördült le a gyártósorról, a tulajdonosa viszont valami igazán egyedit szeretett volna: letisztult, elegáns és nappabőr utasteret. Mindenhol. Az autó teljes belső terét darabjaira szedtük, és minden elemet újrabőröztünk, Opalweiss nappabőrrel. A korábban fényezett felületeket alcantara váltotta fel, hogy így még egységesebb és elegánsabb legyen. Ez nem csak egy egyszerű áthúzás volt – szinte egy másik autót adtunk vissza 🤗</p>
