{"id":5474,"date":"2025-11-18T08:34:49","date_gmt":"2025-11-18T06:34:49","guid":{"rendered":"https:\/\/mmminterior.hu\/?post_type=product&#038;p=5474"},"modified":"2026-03-18T19:53:50","modified_gmt":"2026-03-18T17:53:50","slug":"porsche-996-cabrio","status":"publish","type":"product","link":"https:\/\/mmminterior.hu\/en\/referenciak\/porsche-996-cabrio\/","title":{"rendered":"Porsche 996 Cabrio"},"content":{"rendered":"<p>\ud83d\udd35 Porsche 996 Cabrio &#8211; signal- \/speedblau interior \ud83d\udd35<\/p>\n<p>Az idei \u00e9v\u00fcnk egyik legr\u00e9szletesebben fel\u00faj\u00edtott \/ \u00e1talak\u00edtott aut\u00f3ja volt ez a Porsche 996 Cabrio, mely rengeteg apr\u00f3, egyedi r\u00e9szletet hordoz, amit\u0151l t\u00e9nyleg egyediv\u00e9 v\u00e1lt a stuttgarti g\u00e9p. A r\u00e9szletes k\u00edv\u00e1ns\u00e1gok ismeret\u00e9ben a teljes fel\u00faj\u00edt\u00e1s nem \u00e1llt meg egy sima \u00fajrab\u0151r\u00f6z\u00e9sn\u00e9l, a gy\u00e1ri sz\u00edn megv\u00e1ltoztat\u00e1s\u00e1hoz sok kieg\u00e9sz\u00edt\u0151 \u00e9s hi\u00e1nyz\u00f3 alkatr\u00e9szt is be kellett szerezn\u00fcnk. A 2.5 h\u00f3napot fel\u00f6lel\u0151 m\u0171velet v\u00e9geredm\u00e9nye egy szem\u00e9lyre szabott, teljesen egyedi utast\u00e9r (\u00e9s megjelen\u00e9s) lett, mely igencsak megoszt\u00f3 az intenz\u00edv sz\u00ednv\u00e1laszt\u00e1s v\u00e9gett. A signalblau \/ speedblau sz\u00ednkombin\u00e1ci\u00f3, carbonnal f\u0171szerezve \u00e9s sz\u00f3 szerint minden bels\u0151 elem\u00e9t \u00e9rintve egy \u00fcde sz\u00ednfolt lett a gy\u00e1ri kivitelek k\u00f6z\u00f6tt. Tudjuk, hogy nem coupe, nem manu\u00e1lis \u00e9s nem S, 4S vagy Turbo, de a l\u00e9nyeg a szem\u00e9lyes k\u00f6t\u0151d\u00e9s egy-egy aut\u00f3n\u00e1l, rengeteg eml\u00e9kkel \u00e9s \u00e9lm\u00e9nnyel. \ud83d\ude4b<\/p>\n","protected":false},"excerpt":{"rendered":"<p>Az idei \u00e9v\u00fcnk egyik legr\u00e9szletesebben fel\u00faj\u00edtott \/ \u00e1talak\u00edtott aut\u00f3ja volt ez a Porsche 996 Cabrio, mely rengeteg apr\u00f3, egyedi r\u00e9szletet hordoz, amit\u0151l t\u00e9nyleg egyediv\u00e9 v\u00e1lt a stuttgarti g\u00e9p. A r\u00e9szletes k\u00edv\u00e1ns\u00e1gok ismeret\u00e9ben a teljes fel\u00faj\u00edt\u00e1s nem \u00e1llt meg egy sima \u00fajrab\u0151r\u00f6z\u00e9sn\u00e9l, a gy\u00e1ri sz\u00edn megv\u00e1ltoztat\u00e1s\u00e1hoz sok kieg\u00e9sz\u00edt\u0151 \u00e9s hi\u00e1nyz\u00f3 alkatr\u00e9szt is be kellett szerezn\u00fcnk. A 2.5 h\u00f3napot fel\u00f6lel\u0151 m\u0171velet v\u00e9geredm\u00e9nye egy szem\u00e9lyre szabott, teljesen egyedi utast\u00e9r (\u00e9s megjelen\u00e9s) lett, mely igencsak megoszt\u00f3 az intenz\u00edv sz\u00ednv\u00e1laszt\u00e1s v\u00e9gett.<\/p>\n","protected":false},"featured_media":5475,"comment_status":"open","ping_status":"closed","template":"","meta":{"_acf_changed":false,"_monsterinsights_skip_tracking":false,"_monsterinsights_sitenote_active":false,"_monsterinsights_sitenote_note":"","_monsterinsights_sitenote_category":0},"marka":[],"product_cat":[39],"product_tag":[],"class_list":{"0":"post-5474","1":"product","2":"type-product","3":"status-publish","4":"has-post-thumbnail","6":"product_cat-egyeb","8":"first","9":"instock","10":"shipping-taxable","11":"product-type-simple"},"acf":[],"_links":{"self":[{"href":"https:\/\/mmminterior.hu\/en\/wp-json\/wp\/v2\/product\/5474","targetHints":{"allow":["GET"]}}],"collection":[{"href":"https:\/\/mmminterior.hu\/en\/wp-json\/wp\/v2\/product"}],"about":[{"href":"https:\/\/mmminterior.hu\/en\/wp-json\/wp\/v2\/types\/product"}],"replies":[{"embeddable":true,"href":"https:\/\/mmminterior.hu\/en\/wp-json\/wp\/v2\/comments?post=5474"}],"wp:featuredmedia":[{"embeddable":true,"href":"https:\/\/mmminterior.hu\/en\/wp-json\/wp\/v2\/media\/5475"}],"wp:attachment":[{"href":"https:\/\/mmminterior.hu\/en\/wp-json\/wp\/v2\/media?parent=5474"}],"wp:term":[{"taxonomy":"marka","embeddable":true,"href":"https:\/\/mmminterior.hu\/en\/wp-json\/wp\/v2\/marka?post=5474"},{"taxonomy":"product_cat","embeddable":true,"href":"https:\/\/mmminterior.hu\/en\/wp-json\/wp\/v2\/product_cat?post=5474"},{"taxonomy":"product_tag","embeddable":true,"href":"https:\/\/mmminterior.hu\/en\/wp-json\/wp\/v2\/product_tag?post=5474"}],"curies":[{"name":"wp","href":"https:\/\/api.w.org\/{rel}","templated":true}]}}

<p>🔵 Porsche 996 Cabrio &#8211; signal- /speedblau interior 🔵</p>
<p>Az idei évünk egyik legrészletesebben felújított / átalakított autója volt ez a Porsche 996 Cabrio, mely rengeteg apró, egyedi részletet hordoz, amitől tényleg egyedivé vált a stuttgarti gép. A részletes kívánságok ismeretében a teljes felújítás nem állt meg egy sima újrabőrözésnél, a gyári szín megváltoztatásához sok kiegészítő és hiányzó alkatrészt is be kellett szereznünk. A 2.5 hónapot felölelő művelet végeredménye egy személyre szabott, teljesen egyedi utastér (és megjelenés) lett, mely igencsak megosztó az intenzív színválasztás végett. A signalblau / speedblau színkombináció, carbonnal fűszerezve és szó szerint minden belső elemét érintve egy üde színfolt lett a gyári kivitelek között. Tudjuk, hogy nem coupe, nem manuális és nem S, 4S vagy Turbo, de a lényeg a személyes kötődés egy-egy autónál, rengeteg emlékkel és élménnyel. 🙋</p>

<p>Az idei évünk egyik legrészletesebben felújított / átalakított autója volt ez a Porsche 996 Cabrio, mely rengeteg apró, egyedi részletet hordoz, amitől tényleg egyedivé vált a stuttgarti gép. A részletes kívánságok ismeretében a teljes felújítás nem állt meg egy sima újrabőrözésnél, a gyári szín megváltoztatásához sok kiegészítő és hiányzó alkatrészt is be kellett szereznünk. A 2.5 hónapot felölelő művelet végeredménye egy személyre szabott, teljesen egyedi utastér (és megjelenés) lett, mely igencsak megosztó az intenzív színválasztás végett.</p>
