{"id":5732,"date":"2026-03-18T21:27:47","date_gmt":"2026-03-18T19:27:47","guid":{"rendered":"https:\/\/mmminterior.hu\/?post_type=product&#038;p=5732"},"modified":"2026-03-18T21:29:54","modified_gmt":"2026-03-18T19:29:54","slug":"bmw-z4-e89-individual","status":"publish","type":"product","link":"https:\/\/mmminterior.hu\/en\/referenciak\/bmw-z4-e89-individual\/","title":{"rendered":"BMW Z4 E89 &#8211; Individual"},"content":{"rendered":"","protected":false},"excerpt":{"rendered":"<div class=\"xdj266r x14z9mp xat24cr x1lziwak x1vvkbs x126k92a\">\n<div dir=\"auto\"><span class=\"html-span xexx8yu xyri2b x18d9i69 x1c1uobl x1hl2dhg x16tdsg8 x1vvkbs x3nfvp2 x1j61x8r x1fcty0u xdj266r xat24cr xm2jcoa x1mpyi22 xxymvpz xlup9mm x1kky2od\"><img decoding=\"async\" class=\"xz74otr x15mokao x1ga7v0g x16uus16 xbiv7yw lazyload\" data-src=\"https:\/\/static.xx.fbcdn.net\/images\/emoji.php\/v9\/te\/1\/16\/26ab.png\" alt=\"\u26ab\" width=\"16\" height=\"16\" src=\"data:image\/gif;base64,R0lGODlhAQABAAAAACH5BAEKAAEALAAAAAABAAEAAAICTAEAOw==\" style=\"--smush-placeholder-width: 16px; --smush-placeholder-aspect-ratio: 16\/16;\" \/><noscript><img decoding=\"async\" class=\"xz74otr x15mokao x1ga7v0g x16uus16 xbiv7yw\" src=\"https:\/\/static.xx.fbcdn.net\/images\/emoji.php\/v9\/te\/1\/16\/26ab.png\" alt=\"\u26ab\" width=\"16\" height=\"16\" \/><\/noscript><\/span> BMW Z4 E89 &#8220;Individual+&#8221; <span class=\"html-span xexx8yu xyri2b x18d9i69 x1c1uobl x1hl2dhg x16tdsg8 x1vvkbs x3nfvp2 x1j61x8r x1fcty0u xdj266r xat24cr xm2jcoa x1mpyi22 xxymvpz xlup9mm x1kky2od\"><img decoding=\"async\" class=\"xz74otr x15mokao x1ga7v0g x16uus16 xbiv7yw lazyload\" data-src=\"https:\/\/static.xx.fbcdn.net\/images\/emoji.php\/v9\/tfe\/1\/16\/1f7e4.png\" alt=\"\ud83d\udfe4\" width=\"16\" height=\"16\" src=\"data:image\/gif;base64,R0lGODlhAQABAAAAACH5BAEKAAEALAAAAAABAAEAAAICTAEAOw==\" style=\"--smush-placeholder-width: 16px; --smush-placeholder-aspect-ratio: 16\/16;\" \/><noscript><img decoding=\"async\" class=\"xz74otr x15mokao x1ga7v0g x16uus16 xbiv7yw\" src=\"https:\/\/static.xx.fbcdn.net\/images\/emoji.php\/v9\/tfe\/1\/16\/1f7e4.png\" alt=\"\ud83d\udfe4\" width=\"16\" height=\"16\" \/><\/noscript><\/span><\/div>\n<\/div>\n<div class=\"x14z9mp xat24cr x1lziwak x1vvkbs xtlvy1s x126k92a\">\n<div dir=\"auto\">Az aut\u00f3 tulajdonosa m\u00e1r j\u00f3 p\u00e1r \u00e9ve haszn\u00e1lja a c\u00edmben eml\u00edtett Z4-et, azonban a gy\u00e1ri (must\u00e1rs\u00e1rga, erezett b\u0151r) sz\u00ednkombin\u00e1ci\u00f3val m\u00e1r nem volt el\u00e9gedett. T\u00f6bbsz\u00f6ri egyeztet\u00e9s ut\u00e1n a v\u00e1laszt\u00e1s a Porsche gesztenyebarna nappab\u0151r\u00e9re esett, sz\u00ednben hozz\u00e1 passzol\u00f3 alcantara-val kieg\u00e9sz\u00edtve.<\/div>\n<div dir=\"auto\">Hogy ne csak az \u00fcl\u00e9sek legyenek \u00fajrah\u00fazva, a m\u0171szerfal alja, a k\u00f6z\u00e9ps\u0151 konzol is \u00faj b\u0151r\u00f6z\u00e9st kapott, az ajt\u00f3k\u00e1rpitok bet\u00e9tjeivel \u00e9s a korm\u00e1nnyal egy\u00fctt. Ha m\u00e1r teljesen sz\u00e9t volt szedve, egy alapos tiszt\u00edt\u00e1st is kapott az utast\u00e9r, hogy \u00f6sszerak\u00e1sn\u00e1l minden a lehet\u0151 legjobb \u00e1llapotban legyen.<\/div>\n<\/div>\n<div class=\"x14z9mp xat24cr x1lziwak x1vvkbs xtlvy1s x126k92a\">\n<div dir=\"auto\">A v\u00e9geredm\u00e9ny egy abszol\u00fat egyedi sz\u00ednkomb\u00f3val rendelkez\u0151 Z4 lett, ilyen nem nagyon fog szembej\u00f6nni az utakon <span class=\"html-span xexx8yu xyri2b x18d9i69 x1c1uobl x1hl2dhg x16tdsg8 x1vvkbs x3nfvp2 x1j61x8r x1fcty0u xdj266r xat24cr xm2jcoa x1mpyi22 xxymvpz xlup9mm x1kky2od\"><img decoding=\"async\" class=\"xz74otr x15mokao x1ga7v0g x16uus16 xbiv7yw lazyload\" data-src=\"https:\/\/static.xx.fbcdn.net\/images\/emoji.php\/v9\/tb7\/1\/16\/1f917.png\" alt=\"\ud83e\udd17\" width=\"16\" height=\"16\" src=\"data:image\/gif;base64,R0lGODlhAQABAAAAACH5BAEKAAEALAAAAAABAAEAAAICTAEAOw==\" style=\"--smush-placeholder-width: 16px; --smush-placeholder-aspect-ratio: 16\/16;\" \/><noscript><img decoding=\"async\" class=\"xz74otr x15mokao x1ga7v0g x16uus16 xbiv7yw\" src=\"https:\/\/static.xx.fbcdn.net\/images\/emoji.php\/v9\/tb7\/1\/16\/1f917.png\" alt=\"\ud83e\udd17\" width=\"16\" height=\"16\" \/><\/noscript><\/span><span class=\"html-span xexx8yu xyri2b x18d9i69 x1c1uobl x1hl2dhg x16tdsg8 x1vvkbs x3nfvp2 x1j61x8r x1fcty0u xdj266r xat24cr xm2jcoa x1mpyi22 xxymvpz xlup9mm x1kky2od\"><img loading=\"lazy\" decoding=\"async\" class=\"xz74otr x15mokao x1ga7v0g x16uus16 xbiv7yw lazyload\" data-src=\"https:\/\/static.xx.fbcdn.net\/images\/emoji.php\/v9\/t7c\/1\/16\/1f64b.png\" alt=\"\ud83d\ude4b\" width=\"16\" height=\"16\" src=\"data:image\/gif;base64,R0lGODlhAQABAAAAACH5BAEKAAEALAAAAAABAAEAAAICTAEAOw==\" style=\"--smush-placeholder-width: 16px; --smush-placeholder-aspect-ratio: 16\/16;\" \/><noscript><img loading=\"lazy\" decoding=\"async\" class=\"xz74otr x15mokao x1ga7v0g x16uus16 xbiv7yw\" src=\"https:\/\/static.xx.fbcdn.net\/images\/emoji.php\/v9\/t7c\/1\/16\/1f64b.png\" alt=\"\ud83d\ude4b\" width=\"16\" height=\"16\" \/><\/noscript><\/span><\/div>\n<\/div>\n","protected":false},"featured_media":5805,"comment_status":"open","ping_status":"closed","template":"","meta":{"_acf_changed":false,"_monsterinsights_skip_tracking":false,"_monsterinsights_sitenote_active":false,"_monsterinsights_sitenote_note":"","_monsterinsights_sitenote_category":0},"marka":[],"product_cat":[39],"product_tag":[],"class_list":{"0":"post-5732","1":"product","2":"type-product","3":"status-publish","4":"has-post-thumbnail","6":"product_cat-egyeb","8":"first","9":"instock","10":"shipping-taxable","11":"product-type-simple"},"acf":[],"_links":{"self":[{"href":"https:\/\/mmminterior.hu\/en\/wp-json\/wp\/v2\/product\/5732","targetHints":{"allow":["GET"]}}],"collection":[{"href":"https:\/\/mmminterior.hu\/en\/wp-json\/wp\/v2\/product"}],"about":[{"href":"https:\/\/mmminterior.hu\/en\/wp-json\/wp\/v2\/types\/product"}],"replies":[{"embeddable":true,"href":"https:\/\/mmminterior.hu\/en\/wp-json\/wp\/v2\/comments?post=5732"}],"wp:featuredmedia":[{"embeddable":true,"href":"https:\/\/mmminterior.hu\/en\/wp-json\/wp\/v2\/media\/5805"}],"wp:attachment":[{"href":"https:\/\/mmminterior.hu\/en\/wp-json\/wp\/v2\/media?parent=5732"}],"wp:term":[{"taxonomy":"marka","embeddable":true,"href":"https:\/\/mmminterior.hu\/en\/wp-json\/wp\/v2\/marka?post=5732"},{"taxonomy":"product_cat","embeddable":true,"href":"https:\/\/mmminterior.hu\/en\/wp-json\/wp\/v2\/product_cat?post=5732"},{"taxonomy":"product_tag","embeddable":true,"href":"https:\/\/mmminterior.hu\/en\/wp-json\/wp\/v2\/product_tag?post=5732"}],"curies":[{"name":"wp","href":"https:\/\/api.w.org\/{rel}","templated":true}]}}

<div class="xdj266r x14z9mp xat24cr x1lziwak x1vvkbs x126k92a">
<div dir="auto"><span class="html-span xexx8yu xyri2b x18d9i69 x1c1uobl x1hl2dhg x16tdsg8 x1vvkbs x3nfvp2 x1j61x8r x1fcty0u xdj266r xat24cr xm2jcoa x1mpyi22 xxymvpz xlup9mm x1kky2od"><img decoding="async" class="xz74otr x15mokao x1ga7v0g x16uus16 xbiv7yw lazyload" data-src="https://static.xx.fbcdn.net/images/emoji.php/v9/te/1/16/26ab.png" alt="⚫" width="16" height="16" src="data:image/gif;base64,R0lGODlhAQABAAAAACH5BAEKAAEALAAAAAABAAEAAAICTAEAOw==" style="--smush-placeholder-width: 16px; --smush-placeholder-aspect-ratio: 16/16;" /><noscript><img decoding="async" class="xz74otr x15mokao x1ga7v0g x16uus16 xbiv7yw" src="https://static.xx.fbcdn.net/images/emoji.php/v9/te/1/16/26ab.png" alt="⚫" width="16" height="16" /></noscript></span> BMW Z4 E89 &#8220;Individual+&#8221; <span class="html-span xexx8yu xyri2b x18d9i69 x1c1uobl x1hl2dhg x16tdsg8 x1vvkbs x3nfvp2 x1j61x8r x1fcty0u xdj266r xat24cr xm2jcoa x1mpyi22 xxymvpz xlup9mm x1kky2od"><img decoding="async" class="xz74otr x15mokao x1ga7v0g x16uus16 xbiv7yw lazyload" data-src="https://static.xx.fbcdn.net/images/emoji.php/v9/tfe/1/16/1f7e4.png" alt="🟤" width="16" height="16" src="data:image/gif;base64,R0lGODlhAQABAAAAACH5BAEKAAEALAAAAAABAAEAAAICTAEAOw==" style="--smush-placeholder-width: 16px; --smush-placeholder-aspect-ratio: 16/16;" /><noscript><img decoding="async" class="xz74otr x15mokao x1ga7v0g x16uus16 xbiv7yw" src="https://static.xx.fbcdn.net/images/emoji.php/v9/tfe/1/16/1f7e4.png" alt="🟤" width="16" height="16" /></noscript></span></div>
</div>
<div class="x14z9mp xat24cr x1lziwak x1vvkbs xtlvy1s x126k92a">
<div dir="auto">Az autó tulajdonosa már jó pár éve használja a címben említett Z4-et, azonban a gyári (mustársárga, erezett bőr) színkombinációval már nem volt elégedett. Többszöri egyeztetés után a választás a Porsche gesztenyebarna nappabőrére esett, színben hozzá passzoló alcantara-val kiegészítve.</div>
<div dir="auto">Hogy ne csak az ülések legyenek újrahúzva, a műszerfal alja, a középső konzol is új bőrözést kapott, az ajtókárpitok betétjeivel és a kormánnyal együtt. Ha már teljesen szét volt szedve, egy alapos tisztítást is kapott az utastér, hogy összerakásnál minden a lehető legjobb állapotban legyen.</div>
</div>
<div class="x14z9mp xat24cr x1lziwak x1vvkbs xtlvy1s x126k92a">
<div dir="auto">A végeredmény egy abszolút egyedi színkombóval rendelkező Z4 lett, ilyen nem nagyon fog szembejönni az utakon <span class="html-span xexx8yu xyri2b x18d9i69 x1c1uobl x1hl2dhg x16tdsg8 x1vvkbs x3nfvp2 x1j61x8r x1fcty0u xdj266r xat24cr xm2jcoa x1mpyi22 xxymvpz xlup9mm x1kky2od"><img decoding="async" class="xz74otr x15mokao x1ga7v0g x16uus16 xbiv7yw lazyload" data-src="https://static.xx.fbcdn.net/images/emoji.php/v9/tb7/1/16/1f917.png" alt="🤗" width="16" height="16" src="data:image/gif;base64,R0lGODlhAQABAAAAACH5BAEKAAEALAAAAAABAAEAAAICTAEAOw==" style="--smush-placeholder-width: 16px; --smush-placeholder-aspect-ratio: 16/16;" /><noscript><img decoding="async" class="xz74otr x15mokao x1ga7v0g x16uus16 xbiv7yw" src="https://static.xx.fbcdn.net/images/emoji.php/v9/tb7/1/16/1f917.png" alt="🤗" width="16" height="16" /></noscript></span><span class="html-span xexx8yu xyri2b x18d9i69 x1c1uobl x1hl2dhg x16tdsg8 x1vvkbs x3nfvp2 x1j61x8r x1fcty0u xdj266r xat24cr xm2jcoa x1mpyi22 xxymvpz xlup9mm x1kky2od"><img loading="lazy" decoding="async" class="xz74otr x15mokao x1ga7v0g x16uus16 xbiv7yw lazyload" data-src="https://static.xx.fbcdn.net/images/emoji.php/v9/t7c/1/16/1f64b.png" alt="🙋" width="16" height="16" src="data:image/gif;base64,R0lGODlhAQABAAAAACH5BAEKAAEALAAAAAABAAEAAAICTAEAOw==" style="--smush-placeholder-width: 16px; --smush-placeholder-aspect-ratio: 16/16;" /><noscript><img loading="lazy" decoding="async" class="xz74otr x15mokao x1ga7v0g x16uus16 xbiv7yw" src="https://static.xx.fbcdn.net/images/emoji.php/v9/t7c/1/16/1f64b.png" alt="🙋" width="16" height="16" /></noscript></span></div>
</div>
