{"id":6070,"date":"2026-04-06T20:32:22","date_gmt":"2026-04-06T18:32:22","guid":{"rendered":"https:\/\/mmminterior.hu\/?post_type=product&#038;p=6070"},"modified":"2026-04-06T20:32:22","modified_gmt":"2026-04-06T18:32:22","slug":"bmw-e39-m5-zimt","status":"publish","type":"product","link":"https:\/\/mmminterior.hu\/en\/referenciak\/bmw-e39-m5-zimt\/","title":{"rendered":"BMW E39 M5 &#8211; ZIMT"},"content":{"rendered":"","protected":false},"excerpt":{"rendered":"<div class=\"xdj266r x14z9mp xat24cr x1lziwak x1vvkbs x126k92a\">\n<div dir=\"auto\">T\u00f6bb h\u00f3nappal ezel\u0151tt kezd\u0151d\u00f6tt az egyeztet\u00e9s az M5 utaster\u00e9t illet\u0151en, a gy\u00e1ri fekete b\u0151rbels\u0151nek mennie kellett.<\/div>\n<\/div>\n<div class=\"x14z9mp xat24cr x1lziwak x1vvkbs xtlvy1s x126k92a\">\n<div dir=\"auto\">A carbonschwarz gy\u00e1ri f\u00e9nyez\u00e9ssel t\u00f6k\u00e9letesen harmoniz\u00e1l a gy\u00e1ri fah\u00e9j sz\u00edn (term\u00e9szetesen nappab\u0151r), de nem est\u00fcnk t\u00falz\u00e1sba, azaz nem k\u00e9sz\u00fclt b\u0151v\u00edtett b\u0151r\u00f6z\u00e9s, &#8220;csak&#8221; az \u00fcl\u00e9sek, ajt\u00f3k\u00e1rpitok bet\u00e9tjei, a korm\u00e1ny \u00e9s a v\u00e1lt\u00f3zs\u00e1k, k\u00f6ny\u00f6kl\u0151 ker\u00fclt \u00fajrab\u0151r\u00f6z\u00e9sre. Sok apr\u00f3 t\u00edpushib\u00e1t is orvosoltunk egy teljes tiszt\u00edt\u00e1s mellett. M\u0171szaki fel\u00faj\u00edt\u00e1son m\u00e1r \u00e1tesett a g\u00e9p, az utols\u00f3 l\u00e9p\u00e9s a f\u00e9nyez\u00e9s korrekci\u00f3ja lesz, hogy egy \u00fajabb nagyon sz\u00e9p M5 ker\u00fclj\u00f6n vissza az utakra. <span class=\"html-span xexx8yu xyri2b x18d9i69 x1c1uobl x1hl2dhg x16tdsg8 x1vvkbs x3nfvp2 x1j61x8r x1fcty0u xdj266r xat24cr xm2jcoa x1mpyi22 xxymvpz xlup9mm x1kky2od\"><img decoding=\"async\" class=\"xz74otr x15mokao x1ga7v0g x16uus16 xbiv7yw lazyload\" data-src=\"https:\/\/static.xx.fbcdn.net\/images\/emoji.php\/v9\/tb7\/1\/16\/1f917.png\" alt=\"\ud83e\udd17\" width=\"16\" height=\"16\" src=\"data:image\/gif;base64,R0lGODlhAQABAAAAACH5BAEKAAEALAAAAAABAAEAAAICTAEAOw==\" style=\"--smush-placeholder-width: 16px; --smush-placeholder-aspect-ratio: 16\/16;\" \/><noscript><img decoding=\"async\" class=\"xz74otr x15mokao x1ga7v0g x16uus16 xbiv7yw\" src=\"https:\/\/static.xx.fbcdn.net\/images\/emoji.php\/v9\/tb7\/1\/16\/1f917.png\" alt=\"\ud83e\udd17\" width=\"16\" height=\"16\" \/><\/noscript><\/span><span class=\"html-span xexx8yu xyri2b x18d9i69 x1c1uobl x1hl2dhg x16tdsg8 x1vvkbs x3nfvp2 x1j61x8r x1fcty0u xdj266r xat24cr xm2jcoa x1mpyi22 xxymvpz xlup9mm x1kky2od\"><img decoding=\"async\" class=\"xz74otr x15mokao x1ga7v0g x16uus16 xbiv7yw lazyload\" data-src=\"https:\/\/static.xx.fbcdn.net\/images\/emoji.php\/v9\/tac\/1\/16\/1f64b_200d_2642.png\" alt=\"\ud83d\ude4b\u200d\u2642\ufe0f\" width=\"16\" height=\"16\" src=\"data:image\/gif;base64,R0lGODlhAQABAAAAACH5BAEKAAEALAAAAAABAAEAAAICTAEAOw==\" style=\"--smush-placeholder-width: 16px; --smush-placeholder-aspect-ratio: 16\/16;\" \/><noscript><img decoding=\"async\" class=\"xz74otr x15mokao x1ga7v0g x16uus16 xbiv7yw\" src=\"https:\/\/static.xx.fbcdn.net\/images\/emoji.php\/v9\/tac\/1\/16\/1f64b_200d_2642.png\" alt=\"\ud83d\ude4b\u200d\u2642\ufe0f\" width=\"16\" height=\"16\" \/><\/noscript><\/span><\/div>\n<\/div>\n","protected":false},"featured_media":6071,"comment_status":"open","ping_status":"closed","template":"","meta":{"_acf_changed":false,"_monsterinsights_skip_tracking":false,"_monsterinsights_sitenote_active":false,"_monsterinsights_sitenote_note":"","_monsterinsights_sitenote_category":0},"marka":[67,74],"product_cat":[39],"product_tag":[],"class_list":{"0":"post-6070","1":"product","2":"type-product","3":"status-publish","4":"has-post-thumbnail","6":"marka-bmw","7":"marka-e39","8":"product_cat-egyeb","10":"first","11":"instock","12":"shipping-taxable","13":"product-type-simple"},"acf":[],"_links":{"self":[{"href":"https:\/\/mmminterior.hu\/en\/wp-json\/wp\/v2\/product\/6070","targetHints":{"allow":["GET"]}}],"collection":[{"href":"https:\/\/mmminterior.hu\/en\/wp-json\/wp\/v2\/product"}],"about":[{"href":"https:\/\/mmminterior.hu\/en\/wp-json\/wp\/v2\/types\/product"}],"replies":[{"embeddable":true,"href":"https:\/\/mmminterior.hu\/en\/wp-json\/wp\/v2\/comments?post=6070"}],"wp:featuredmedia":[{"embeddable":true,"href":"https:\/\/mmminterior.hu\/en\/wp-json\/wp\/v2\/media\/6071"}],"wp:attachment":[{"href":"https:\/\/mmminterior.hu\/en\/wp-json\/wp\/v2\/media?parent=6070"}],"wp:term":[{"taxonomy":"marka","embeddable":true,"href":"https:\/\/mmminterior.hu\/en\/wp-json\/wp\/v2\/marka?post=6070"},{"taxonomy":"product_cat","embeddable":true,"href":"https:\/\/mmminterior.hu\/en\/wp-json\/wp\/v2\/product_cat?post=6070"},{"taxonomy":"product_tag","embeddable":true,"href":"https:\/\/mmminterior.hu\/en\/wp-json\/wp\/v2\/product_tag?post=6070"}],"curies":[{"name":"wp","href":"https:\/\/api.w.org\/{rel}","templated":true}]}}

<div class="xdj266r x14z9mp xat24cr x1lziwak x1vvkbs x126k92a">
<div dir="auto">Több hónappal ezelőtt kezdődött az egyeztetés az M5 utasterét illetően, a gyári fekete bőrbelsőnek mennie kellett.</div>
</div>
<div class="x14z9mp xat24cr x1lziwak x1vvkbs xtlvy1s x126k92a">
<div dir="auto">A carbonschwarz gyári fényezéssel tökéletesen harmonizál a gyári fahéj szín (természetesen nappabőr), de nem estünk túlzásba, azaz nem készült bővített bőrözés, &#8220;csak&#8221; az ülések, ajtókárpitok betétjei, a kormány és a váltózsák, könyöklő került újrabőrözésre. Sok apró típushibát is orvosoltunk egy teljes tisztítás mellett. Műszaki felújításon már átesett a gép, az utolsó lépés a fényezés korrekciója lesz, hogy egy újabb nagyon szép M5 kerüljön vissza az utakra. <span class="html-span xexx8yu xyri2b x18d9i69 x1c1uobl x1hl2dhg x16tdsg8 x1vvkbs x3nfvp2 x1j61x8r x1fcty0u xdj266r xat24cr xm2jcoa x1mpyi22 xxymvpz xlup9mm x1kky2od"><img decoding="async" class="xz74otr x15mokao x1ga7v0g x16uus16 xbiv7yw lazyload" data-src="https://static.xx.fbcdn.net/images/emoji.php/v9/tb7/1/16/1f917.png" alt="🤗" width="16" height="16" src="data:image/gif;base64,R0lGODlhAQABAAAAACH5BAEKAAEALAAAAAABAAEAAAICTAEAOw==" style="--smush-placeholder-width: 16px; --smush-placeholder-aspect-ratio: 16/16;" /><noscript><img decoding="async" class="xz74otr x15mokao x1ga7v0g x16uus16 xbiv7yw" src="https://static.xx.fbcdn.net/images/emoji.php/v9/tb7/1/16/1f917.png" alt="🤗" width="16" height="16" /></noscript></span><span class="html-span xexx8yu xyri2b x18d9i69 x1c1uobl x1hl2dhg x16tdsg8 x1vvkbs x3nfvp2 x1j61x8r x1fcty0u xdj266r xat24cr xm2jcoa x1mpyi22 xxymvpz xlup9mm x1kky2od"><img decoding="async" class="xz74otr x15mokao x1ga7v0g x16uus16 xbiv7yw lazyload" data-src="https://static.xx.fbcdn.net/images/emoji.php/v9/tac/1/16/1f64b_200d_2642.png" alt="🙋‍♂️" width="16" height="16" src="data:image/gif;base64,R0lGODlhAQABAAAAACH5BAEKAAEALAAAAAABAAEAAAICTAEAOw==" style="--smush-placeholder-width: 16px; --smush-placeholder-aspect-ratio: 16/16;" /><noscript><img decoding="async" class="xz74otr x15mokao x1ga7v0g x16uus16 xbiv7yw" src="https://static.xx.fbcdn.net/images/emoji.php/v9/tac/1/16/1f64b_200d_2642.png" alt="🙋‍♂️" width="16" height="16" /></noscript></span></div>
</div>
